Вы находитесь на странице: 1из 27

D/FxWorkspace( 790): onTap: 65, 529
I/Intent ( 236): @test_code: getHtcIntentFlag: 0 obj: 1097036848
W/CpuWake ( 236): >>acquireCpuPerfWakeLock!

W/CpuWake ( 236): <<acquireCpuPerfWakeLock!
I/ActivityManager( 236): START intent from pid 790
I/AllAppsCarouselFragment( 790): onPause
D/HostWidgetManager( 790): pauseWidgets: 1
D/ViewRootImpl( 236): @@@- disable SystemServer HW acceleration
D/CAT ( 420): CatService: Return current sInstance
I/ActivityManager( 236): Start proc com.vkontakte.android for activity com.vkon takte.android/.MainActivity: pid=2082 uid=10054 gids={1006, 3003, 1015}
D/memalloc( 116): ion: Allocated buffer base:0x44fc4000 size:2088960 fd:82
D/memalloc( 236): ion: Mapped buffer base:0x59779000 size:2088960 offset:0 fd:3 37
D/SensorService( 236): enable: get sensor name = MPL accel
D/Sensors ( 236): handle : 4 en: 1, v010.0 - Try to resolve lock issue
D/Sensors ( 236): lock_status = 2
D/Sensors ( 236): Andy: MPLSensor::enable: lock1
D/Sensors ( 236): mEnabled = 0x10
D/Sensors ( 236): set_power_states++: enabled_sensors: 16 dmp_started: 0
D/Sensors ( 236): Before if statment: cs:0 rs:1 en_ped:0 da_ped:0 en_g:0 da_g:0
D/Sensors ( 236): STOP timerirq_1
D/Sensors ( 236): Starting DMP
I/ ( 236): mpu3050_resume: Resuming to 0070
D/Sensors ( 236): Exit: Starting DMP
D/Sensors ( 236): set_power_states-D/Sensors ( 236): Andy: MPLSensor::enable: unlock1
D/Sensors ( 236): MPLSensor::enable--1
D/SensorService( 236): SensorDevice::activate--: handle = 0x4, enabled = 0x1
D/SensorService( 236): pid=236, uid=1000
D/OpenGLRenderer( 790): Flushing caches (mode 1)
W/ResourceType( 236): Skipping entry 0x7f04000c in package table 0 because it i s not complex!
D/SurfaceComposerClient( 236): SurfaceComposerClient::set3DAnimationAttribute S urfaceID=584
D/SurfaceComposerClient( 236): SurfaceComposerClient::step3DAnimation SurfaceID =584 progress=0.000000
D/SurfaceComposerClient( 236): SurfaceComposerClient::set3DAnimationAttribute S urfaceID=738
D/SurfaceComposerClient( 236): SurfaceComposerClient::step3DAnimation SurfaceID =738 progress=0.000000
D/SurfaceComposerClient( 236): SurfaceComposerClient::set3DAnimationAttribute S urfaceID=737
D/SurfaceComposerClient( 236): SurfaceComposerClient::step3DAnimation SurfaceID =737 progress=0.000000
D/SurfaceFlinger( 116): [GLAnimation]Attribute: 9227, open, exit
D/SurfaceFlinger( 116): [GLAnimation]Step: 9227, 0.000000
D/SurfaceFlinger( 116): [GLAnimation]Attribute: 9228, open, exit
D/SurfaceFlinger( 116): [GLAnimation]Step: 9228, 0.000000
D/SurfaceFlinger( 116): [GLAnimation]Attribute: 9229, open, enter
D/SurfaceFlinger( 116): [GLAnimation]Step: 9229, 0.000000
D/CHTCPluginManager( 116): CHTCPluginManager::setAnimation libzoomTransition.so for 9227
D/CHTCPluginManager( 116): CHTCPluginManager::setAttributes, tag = 9227
D/MLTransition( 116): DoSetAttributes screen size: 540, 960
D/MLTransition( 116): DoSetAttributes1[0] = zoomTransition
D/MLTransition( 116): DoSetAttributes1[1] = open
D/MLTransition( 116): DoSetAttributes1[2] = exit
D/MLTransition( 116): DoSetAttributes1[3] = PORTRAIT
D/MLTransition( 116): DoSetAttributes1[4] = false

D/MLTransition( 116): DoSetAttributes1[5] = 38
D/MLTransition( 116): DoSetAttributes2[0] = 270
D/MLTransition( 116): DoSetAttributes2[1] = 480
D/MLTransition( 116): System Property Color: 0, 160, Position: -1.000000, 1.200 000, 1.500000, Enable: 1
D/CHTCPluginManager( 116): -CHTCPluginManager::setAttributes, tag = 9227
D/MLTransition( 116): MLTransition ResetAnimation
D/CHTCPluginManager( 116): CHTCPluginManager::setAnimation libzoomTransition.so for 9228
D/CHTCPluginManager( 116): CHTCPluginManager::setAttributes, tag = 9228
D/MLTransition( 116): DoSetAttributes screen size: 540, 960
D/MLTransition( 116): DoSetAttributes1[0] = zoomTransition
D/MLTransition( 116): DoSetAttributes1[1] = open
D/MLTransition( 116): DoSetAttributes1[2] = exit
D/MLTransition( 116): DoSetAttributes1[3] = PORTRAIT
D/MLTransition( 116): DoSetAttributes1[4] = true
D/MLTransition( 116): DoSetAttributes1[5] = 38
D/MLTransition( 116): DoSetAttributes2[0] = 270
D/MLTransition( 116): DoSetAttributes2[1] = 480
D/MLTransition( 116): System Property Color: 0, 160, Position: -1.000000, 1.200 000, 1.500000, Enable: 1
D/CHTCPluginManager( 116): -CHTCPluginManager::setAttributes, tag = 9228
D/MLTransition( 116): MLTransition ResetAnimation
D/CHTCPluginManager( 116): CHTCPluginManager::setAnimation libzoomTransition.so for 9229
D/CHTCPluginManager( 116): CHTCPluginManager::setAttributes, tag = 9229
D/MLTransition( 116): DoSetAttributes screen size: 540, 960
D/MLTransition( 116): DoSetAttributes1[0] = zoomTransition
D/MLTransition( 116): DoSetAttributes1[1] = open
D/MLTransition( 116): DoSetAttributes1[2] = enter
D/MLTransition( 116): DoSetAttributes1[3] = PORTRAIT
D/MLTransition( 116): DoSetAttributes1[4] = false
D/MLTransition( 116): DoSetAttributes1[5] = 38
D/MLTransition( 116): DoSetAttributes2[0] = 270
D/MLTransition( 116): DoSetAttributes2[1] = 480
D/MLTransition( 116): System Property Color: 0, 160, Position: -1.000000, 1.200 000, 1.500000, Enable: 1
D/CHTCPluginManager( 116): -CHTCPluginManager::setAttributes, tag = 9229
D/MLTransition( 116): MLTransition ResetAnimation
D/CHTCPluginManager( 116): CHTCPluginManager::draw, tag = 9227
D/MLTransition( 116): AnimData: 0x100ffd10, m_pAnimData: 0x100ffd10, Texture: 0 x100ffd80, m_pTexture: 0x100ffd80
D/MLTransition( 116): Draw: Progress: 0.000000, Enter: 0, Main: 0, Bottom: 1, A lpha: 255, Texture: 0 0 540 960
D/MLTransition( 116): Regenerate rectangle from 0, 38, 540, 922 0, 0, 540, 922 to 0, 0, 540, 960 38
D/MLTransition( 116): Before access texture...m_pAnimData: 0x100ffd10, m_pTextu re: 0x100ffd80
D/MLTransition( 116): ~After access texture...m_pAnimData: 0x100ffd10, m_pTextu re: 0x100ffd80
D/MLTransition( 116): Texture Ready: 1, ID: 3246, Format: 4, Opaque: 1, Anim al pha: 1.000000
D/CHTCPluginManager( 116): CHTCPluginManager::draw, tag = 9229
D/MLTransition( 116): AnimData: 0x100ffd10, m_pAnimData: 0x100ffd10, Texture: 0 x100ffd80, m_pTexture: 0x100ffd80
D/MLTransition( 116): Draw: Progress: 0.000000, Enter: 1, Main: 0, Bottom: 1, A lpha: 255, Texture: 0 0 540 960
D/MLTransition( 116): Regenerate rectangle from 0, 38, 540, 922 0, 0, 540, 922 to 0, 0, 540, 960 38
D/MLTransition( 116): Before access texture...m_pAnimData: 0x100ffd10, m_pTextu

re: 0x100ffd80
D/MLTransition( 116): ~After access texture...m_pAnimData: 0x100ffd10, m_pTextu re: 0x100ffd80
D/MLTransition( 116): Texture Ready: 1, ID: 3248, Format: 1, Opaque: 1, Anim al pha: 0.000000
D/SurfaceComposerClient( 236): SurfaceComposerClient::step3DAnimation SurfaceID =584 progress=0.080000
D/SurfaceComposerClient( 236): SurfaceComposerClient::step3DAnimation SurfaceID =738 progress=0.080000
D/SurfaceComposerClient( 236): SurfaceComposerClient::step3DAnimation SurfaceID =737 progress=0.080000
D/SurfaceFlinger( 116): [GLAnimation]Step: 9227, 0.080000
D/SurfaceFlinger( 116): [GLAnimation]Step: 9228, 0.080000
D/SurfaceFlinger( 116): [GLAnimation]Step: 9229, 0.080000
D/SurfaceComposerClient( 236): SurfaceComposerClient::step3DAnimation SurfaceID =584 progress=0.113333
D/SurfaceComposerClient( 236): SurfaceComposerClient::step3DAnimation SurfaceID =738 progress=0.113333
D/SurfaceComposerClient( 236): SurfaceComposerClient::step3DAnimation SurfaceID =737 progress=0.113333
D/SurfaceFlinger( 116): [GLAnimation]Step: 9227, 0.113333
D/SurfaceFlinger( 116): [GLAnimation]Step: 9228, 0.113333
D/SurfaceFlinger( 116): [GLAnimation]Step: 9229, 0.113333
D/memalloc( 790): ion: Unmapping buffer base:0x5a7ea000 size:1044480
D/memalloc( 790): ion: Unmapping buffer base:0x5a29f000 size:1044480
D/memalloc( 790): ion: Unmapping buffer base:0x5b6e5000 size:1044480
D/ConnectivityService( 236): onUidRulesChanged(uid=10054, uidRules=0)
D/memalloc( 116): ion: Freeing buffer base:0x43ab2000 size:1044480 fd:41
D/memalloc( 116): ion: Unmapping buffer base:0x43ab2000 size:1044480
D/memalloc( 116): ion: Freeing buffer base:0x43bb1000 size:1044480 fd:72
D/memalloc( 116): ion: Unmapping buffer base:0x43bb1000 size:1044480
D/SurfaceComposerClient( 236): SurfaceComposerClient::step3DAnimation SurfaceID =584 progress=0.220000
D/SurfaceComposerClient( 236): SurfaceComposerClient::step3DAnimation SurfaceID =738 progress=0.220000
D/SurfaceComposerClient( 236): SurfaceComposerClient::step3DAnimation SurfaceID =737 progress=0.220000
D/SurfaceFlinger( 116): [GLAnimation]Step: 9227, 0.220000
D/SurfaceFlinger( 116): [GLAnimation]Step: 9228, 0.220000
D/SurfaceFlinger( 116): [GLAnimation]Step: 9229, 0.220000
D/OpenGLRenderer( 790): Flushing caches (mode 0)
D/memalloc( 790): ion: Unmapping buffer base:0x5b207000 size:2088960
D/memalloc( 790): ion: Unmapping buffer base:0x5b4e7000 size:2088960
D/memalloc( 790): ion: Unmapping buffer base:0x5b7e4000 size:2088960
D/memalloc( 116): ion: Freeing buffer base:0x4402a000 size:2088960 fd:61
D/memalloc( 116): ion: Unmapping buffer base:0x4402a000 size:2088960
D/memalloc( 116): ion: Freeing buffer base:0x447cc000 size:2088960 fd:68
D/memalloc( 116): ion: Unmapping buffer base:0x447cc000 size:2088960
D/SurfaceComposerClient( 236): SurfaceComposerClient::step3DAnimation SurfaceID =584 progress=0.253333
D/SurfaceComposerClient( 236): SurfaceComposerClient::step3DAnimation SurfaceID =738 progress=0.253333
D/SurfaceComposerClient( 236): SurfaceComposerClient::step3DAnimation SurfaceID =737 progress=0.253333
D/SurfaceFlinger( 116): [GLAnimation]Step: 9227, 0.253333
D/SurfaceFlinger( 116): [GLAnimation]Step: 9228, 0.253333
D/SurfaceFlinger( 116): [GLAnimation]Step: 9229, 0.253333
D/CHTCPluginManager( 116): CHTCPluginManager::draw, tag = 9227
D/MLTransition( 116): AnimData: 0x100ffd10, m_pAnimData: 0x100ffd10, Texture: 0 x100ffd80, m_pTexture: 0x100ffd80

D/MLTransition( 116): Draw: Progress: 0.253333, Enter: 0, Main: 0, Bottom: 1, A lpha: 255, Texture: 0 0 540 960
D/MLTransition( 116): Before access texture...m_pAnimData: 0x100ffd10, m_pTextu re: 0x100ffd80
D/MLTransition( 116): ~After access texture...m_pAnimData: 0x100ffd10, m_pTextu re: 0x100ffd80
D/MLTransition( 116): Texture Ready: 1, ID: 3246, Format: 4, Opaque: 1, Anim al pha: 1.000000
D/CHTCPluginManager( 116): CHTCPluginManager::draw, tag = 9229
D/MLTransition( 116): AnimData: 0x100ffd10, m_pAnimData: 0x100ffd10, Texture: 0 x100ffd80, m_pTexture: 0x100ffd80
D/MLTransition( 116): Draw: Progress: 0.253333, Enter: 1, Main: 0, Bottom: 1, A lpha: 255, Texture: 0 0 540 960
D/MLTransition( 116): Before access texture...m_pAnimData: 0x100ffd10, m_pTextu re: 0x100ffd80
D/MLTransition( 116): ~After access texture...m_pAnimData: 0x100ffd10, m_pTextu re: 0x100ffd80
D/MLTransition( 116): Texture Ready: 1, ID: 3248, Format: 1, Opaque: 1, Anim al pha: 0.509985
D/SurfaceComposerClient( 236): SurfaceComposerClient::step3DAnimation SurfaceID =584 progress=0.333333
D/SurfaceComposerClient( 236): SurfaceComposerClient::step3DAnimation SurfaceID =738 progress=0.333333
D/SurfaceComposerClient( 236): SurfaceComposerClient::step3DAnimation SurfaceID =737 progress=0.333333
D/SurfaceFlinger( 116): [GLAnimation]Step: 9227, 0.333333
D/SurfaceFlinger( 116): [GLAnimation]Step: 9228, 0.333333
D/SurfaceFlinger( 116): [GLAnimation]Step: 9229, 0.333333
D/CHTCPluginManager( 116): CHTCPluginManager::draw, tag = 9227
D/MLTransition( 116): AnimData: 0x100ffd10, m_pAnimData: 0x100ffd10, Texture: 0 x100ffd80, m_pTexture: 0x100ffd80
D/MLTransition( 116): Draw: Progress: 0.333333, Enter: 0, Main: 0, Bottom: 1, A lpha: 255, Texture: 0 0 540 960
D/MLTransition( 116): Before access texture...m_pAnimData: 0x100ffd10, m_pTextu re: 0x100ffd80
D/MLTransition( 116): ~After access texture...m_pAnimData: 0x100ffd10, m_pTextu re: 0x100ffd80
D/MLTransition( 116): Texture Ready: 1, ID: 3246, Format: 4, Opaque: 1, Anim al pha: 1.000000
D/CHTCPluginManager( 116): CHTCPluginManager::draw, tag = 9229
D/MLTransition( 116): AnimData: 0x100ffd10, m_pAnimData: 0x100ffd10, Texture: 0 x100ffd80, m_pTexture: 0x100ffd80
D/MLTransition( 116): Draw: Progress: 0.333333, Enter: 1, Main: 0, Bottom: 1, A lpha: 255, Texture: 0 0 540 960
D/MLTransition( 116): Before access texture...m_pAnimData: 0x100ffd10, m_pTextu re: 0x100ffd80
D/MLTransition( 116): ~After access texture...m_pAnimData: 0x100ffd10, m_pTextu re: 0x100ffd80
D/MLTransition( 116): Texture Ready: 1, ID: 3248, Format: 1, Opaque: 1, Anim al pha: 0.740741
D/SurfaceComposerClient( 236): SurfaceComposerClient::step3DAnimation SurfaceID =584 progress=0.440000
D/SurfaceComposerClient( 236): SurfaceComposerClient::step3DAnimation SurfaceID =738 progress=0.440000
D/SurfaceComposerClient( 236): SurfaceComposerClient::step3DAnimation SurfaceID =737 progress=0.440000
D/SurfaceFlinger( 116): [GLAnimation]Step: 9227, 0.440000
D/SurfaceFlinger( 116): [GLAnimation]Step: 9228, 0.440000
D/SurfaceFlinger( 116): [GLAnimation]Step: 9229, 0.440000
D/CHTCPluginManager( 116): CHTCPluginManager::draw, tag = 9227

D/MLTransition( 116): AnimData: 0x100ffd10, m_pAnimData: 0x100ffd10, Texture: 0 x100ffd80, m_pTexture: 0x100ffd80
D/MLTransition( 116): Draw: Progress: 0.440000, Enter: 0, Main: 0, Bottom: 1, A lpha: 255, Texture: 0 0 540 960
D/MLTransition( 116): Before access texture...m_pAnimData: 0x100ffd10, m_pTextu re: 0x100ffd80
D/MLTransition( 116): ~After access texture...m_pAnimData: 0x100ffd10, m_pTextu re: 0x100ffd80
D/MLTransition( 116): Texture Ready: 1, ID: 3246, Format: 4, Opaque: 1, Anim al pha: 1.000000
D/CHTCPluginManager( 116): CHTCPluginManager::draw, tag = 9229
D/MLTransition( 116): AnimData: 0x100ffd10, m_pAnimData: 0x100ffd10, Texture: 0 x100ffd80, m_pTexture: 0x100ffd80
D/MLTransition( 116): Draw: Progress: 0.440000, Enter: 1, Main: 0, Bottom: 1, A lpha: 255, Texture: 0 0 540 960
D/MLTransition( 116): Before access texture...m_pAnimData: 0x100ffd10, m_pTextu re: 0x100ffd80
D/MLTransition( 116): ~After access texture...m_pAnimData: 0x100ffd10, m_pTextu re: 0x100ffd80
D/MLTransition( 116): Texture Ready: 1, ID: 3248, Format: 1, Opaque: 1, Anim al pha: 0.959644
D/SurfaceComposerClient( 236): SurfaceComposerClient::step3DAnimation SurfaceID =584 progress=0.546667
D/SurfaceComposerClient( 236): SurfaceComposerClient::step3DAnimation SurfaceID =738 progress=0.546667
D/SurfaceComposerClient( 236): SurfaceComposerClient::step3DAnimation SurfaceID =737 progress=0.546667
D/SurfaceFlinger( 116): [GLAnimation]Step: 9227, 0.546667
D/SurfaceFlinger( 116): [GLAnimation]Step: 9228, 0.546667
D/SurfaceFlinger( 116): [GLAnimation]Step: 9229, 0.546667
D/CHTCPluginManager( 116): CHTCPluginManager::draw, tag = 9227
D/MLTransition( 116): AnimData: 0x100ffd10, m_pAnimData: 0x100ffd10, Texture: 0 x100ffd80, m_pTexture: 0x100ffd80
D/MLTransition( 116): Draw: Progress: 0.546667, Enter: 0, Main: 0, Bottom: 1, A lpha: 255, Texture: 0 0 540 960
D/MLTransition( 116): Before access texture...m_pAnimData: 0x100ffd10, m_pTextu re: 0x100ffd80
D/MLTransition( 116): ~After access texture...m_pAnimData: 0x100ffd10, m_pTextu re: 0x100ffd80
D/MLTransition( 116): Texture Ready: 1, ID: 3246, Format: 4, Opaque: 1, Anim al pha: 1.000000
D/CHTCPluginManager( 116): CHTCPluginManager::draw, tag = 9229
D/MLTransition( 116): AnimData: 0x100ffd10, m_pAnimData: 0x100ffd10, Texture: 0 x100ffd80, m_pTexture: 0x100ffd80
D/MLTransition( 116): Draw: Progress: 0.546667, Enter: 1, Main: 0, Bottom: 1, A lpha: 255, Texture: 0 0 540 960
D/MLTransition( 116): Before access texture...m_pAnimData: 0x100ffd10, m_pTextu re: 0x100ffd80
D/MLTransition( 116): ~After access texture...m_pAnimData: 0x100ffd10, m_pTextu re: 0x100ffd80
D/MLTransition( 116): Texture Ready: 1, ID: 3248, Format: 1, Opaque: 1, Anim al pha: 1.000000
D/SurfaceComposerClient( 236): SurfaceComposerClient::step3DAnimation SurfaceID =584 progress=0.653333
D/SurfaceComposerClient( 236): SurfaceComposerClient::step3DAnimation SurfaceID =738 progress=0.653333
D/SurfaceComposerClient( 236): SurfaceComposerClient::step3DAnimation SurfaceID =737 progress=0.653333
D/SurfaceFlinger( 116): [GLAnimation]Step: 9227, 0.653333
D/SurfaceFlinger( 116): [GLAnimation]Step: 9228, 0.653333

D/SurfaceFlinger( 116): [GLAnimation]Step: 9229, 0.653333
D/CHTCPluginManager( 116): CHTCPluginManager::draw, tag = 9227
D/MLTransition( 116): AnimData: 0x100ffd10, m_pAnimData: 0x100ffd10, Texture: 0 x100ffd80, m_pTexture: 0x100ffd80
D/MLTransition( 116): Draw: Progress: 0.653333, Enter: 0, Main: 0, Bottom: 1, A lpha: 255, Texture: 0 0 540 960
D/MLTransition( 116): Before access texture...m_pAnimData: 0x100ffd10, m_pTextu re: 0x100ffd80
D/MLTransition( 116): ~After access texture...m_pAnimData: 0x100ffd10, m_pTextu re: 0x100ffd80
D/MLTransition( 116): Texture Ready: 1, ID: 3246, Format: 4, Opaque: 1, Anim al pha: 1.000000
D/CHTCPluginManager( 116): CHTCPluginManager::draw, tag = 9229
D/MLTransition( 116): AnimData: 0x100ffd10, m_pAnimData: 0x100ffd10, Texture: 0 x100ffd80, m_pTexture: 0x100ffd80
D/MLTransition( 116): Draw: Progress: 0.653333, Enter: 1, Main: 0, Bottom: 1, A lpha: 255, Texture: 0 0 540 960
D/MLTransition( 116): Before access texture...m_pAnimData: 0x100ffd10, m_pTextu re: 0x100ffd80
D/MLTransition( 116): ~After access texture...m_pAnimData: 0x100ffd10, m_pTextu re: 0x100ffd80
D/MLTransition( 116): Texture Ready: 1, ID: 3248, Format: 1, Opaque: 1, Anim al pha: 1.000000
D/ACRA ( 2082): Retrieve application default SharedPreferences.
D/ACRA ( 2082): Set OnSharedPreferenceChangeListener.
D/ACRA ( 2082): ACRA is enabled for com.vkontakte.android, intializing...
D/SurfaceComposerClient( 236): SurfaceComposerClient::step3DAnimation SurfaceID =584 progress=0.760000
D/SurfaceComposerClient( 236): SurfaceComposerClient::step3DAnimation SurfaceID =738 progress=0.760000
D/SurfaceComposerClient( 236): SurfaceComposerClient::step3DAnimation SurfaceID =737 progress=0.760000
D/SurfaceFlinger( 116): [GLAnimation]Step: 9227, 0.760000
D/SurfaceFlinger( 116): [GLAnimation]Step: 9228, 0.760000
D/SurfaceFlinger( 116): [GLAnimation]Step: 9229, 0.760000
D/CHTCPluginManager( 116): CHTCPluginManager::draw, tag = 9227
D/MLTransition( 116): AnimData: 0x100ffd10, m_pAnimData: 0x100ffd10, Texture: 0 x100ffd80, m_pTexture: 0x100ffd80
D/MLTransition( 116): Draw: Progress: 0.760000, Enter: 0, Main: 0, Bottom: 1, A lpha: 255, Texture: 0 0 540 960
D/MLTransition( 116): Before access texture...m_pAnimData: 0x100ffd10, m_pTextu re: 0x100ffd80
D/MLTransition( 116): ~After access texture...m_pAnimData: 0x100ffd10, m_pTextu re: 0x100ffd80
D/MLTransition( 116): Texture Ready: 1, ID: 3246, Format: 4, Opaque: 1, Anim al pha: 1.000000
D/CHTCPluginManager( 116): CHTCPluginManager::draw, tag = 9229
D/MLTransition( 116): AnimData: 0x100ffd10, m_pAnimData: 0x100ffd10, Texture: 0 x100ffd80, m_pTexture: 0x100ffd80
D/MLTransition( 116): Draw: Progress: 0.760000, Enter: 1, Main: 0, Bottom: 1, A lpha: 255, Texture: 0 0 540 960
D/MLTransition( 116): Before access texture...m_pAnimData: 0x100ffd10, m_pTextu re: 0x100ffd80
D/MLTransition( 116): ~After access texture...m_pAnimData: 0x100ffd10, m_pTextu re: 0x100ffd80
D/MLTransition( 116): Texture Ready: 1, ID: 3248, Format: 1, Opaque: 1, Anim al pha: 1.000000
D/ACRA ( 2082): Looking for error files in /data/data/com.vkontakte.android/f iles
D/ACRA ( 2082): Looking for error files in /data/data/com.vkontakte.android/f

iles
I/vk ( 2082): MT false pref false
D/SurfaceComposerClient( 236): SurfaceComposerClient::step3DAnimation SurfaceID =584 progress=0.866667
D/SurfaceComposerClient( 236): SurfaceComposerClient::step3DAnimation SurfaceID =738 progress=0.866667
D/SurfaceComposerClient( 236): SurfaceComposerClient::step3DAnimation SurfaceID =737 progress=0.866667
D/SurfaceFlinger( 116): [GLAnimation]Step: 9227, 0.866667
D/SurfaceFlinger( 116): [GLAnimation]Step: 9228, 0.866667
D/SurfaceFlinger( 116): [GLAnimation]Step: 9229, 0.866667
D/CHTCPluginManager( 116): CHTCPluginManager::draw, tag = 9227
D/MLTransition( 116): AnimData: 0x100ffd10, m_pAnimData: 0x100ffd10, Texture: 0 x100ffd80, m_pTexture: 0x100ffd80
D/MLTransition( 116): Draw: Progress: 0.866667, Enter: 0, Main: 0, Bottom: 1, A lpha: 255, Texture: 0 0 540 960
D/MLTransition( 116): Before access texture...m_pAnimData: 0x100ffd10, m_pTextu re: 0x100ffd80
D/MLTransition( 116): ~After access texture...m_pAnimData: 0x100ffd10, m_pTextu re: 0x100ffd80
D/MLTransition( 116): Texture Ready: 1, ID: 3246, Format: 4, Opaque: 1, Anim al pha: 1.000000
D/CHTCPluginManager( 116): CHTCPluginManager::draw, tag = 9229
D/MLTransition( 116): AnimData: 0x100ffd10, m_pAnimData: 0x100ffd10, Texture: 0 x100ffd80, m_pTexture: 0x100ffd80
D/MLTransition( 116): Draw: Progress: 0.866667, Enter: 1, Main: 0, Bottom: 1, A lpha: 255, Texture: 0 0 540 960
D/MLTransition( 116): Before access texture...m_pAnimData: 0x100ffd10, m_pTextu re: 0x100ffd80
D/MLTransition( 116): ~After access texture...m_pAnimData: 0x100ffd10, m_pTextu re: 0x100ffd80
D/MLTransition( 116): Texture Ready: 1, ID: 3248, Format: 1, Opaque: 1, Anim al pha: 1.000000
V/WindowManager( 236): onProposedRotationChanged, rotation changed to 0
D/SurfaceComposerClient( 236): SurfaceComposerClient::step3DAnimation SurfaceID =584 progress=0.973333
D/SurfaceComposerClient( 236): SurfaceComposerClient::step3DAnimation SurfaceID =738 progress=0.973333
D/SurfaceComposerClient( 236): SurfaceComposerClient::step3DAnimation SurfaceID =737 progress=0.973333
I/QualcommCamera( 119): Qint android::get_camera_info(int, camera_info*): E
V/QCameraHAL( 119): void android::HAL_getCameraInfo(int, android::CameraInfo*): E
V/QCameraHAL( 119): void android::HAL_getCameraInfo(int, android::CameraInfo*): X
D/SurfaceFlinger( 116): [GLAnimation]Step: 9227, 0.973333
D/SurfaceFlinger( 116): [GLAnimation]Step: 9228, 0.973333
D/SurfaceFlinger( 116): [GLAnimation]Step: 9229, 0.973333
D/CHTCPluginManager( 116): CHTCPluginManager::draw, tag = 9227
D/MLTransition( 116): AnimData: 0x100ffd10, m_pAnimData: 0x100ffd10, Texture: 0 x100ffd80, m_pTexture: 0x100ffd80
D/MLTransition( 116): Draw: Progress: 0.973333, Enter: 0, Main: 0, Bottom: 1, A lpha: 255, Texture: 0 0 540 960
D/MLTransition( 116): Before access texture...m_pAnimData: 0x100ffd10, m_pTextu re: 0x100ffd80
D/MLTransition( 116): ~After access texture...m_pAnimData: 0x100ffd10, m_pTextu re: 0x100ffd80
D/MLTransition( 116): Texture Ready: 1, ID: 3246, Format: 4, Opaque: 1, Anim al pha: 1.000000
D/CHTCPluginManager( 116): CHTCPluginManager::draw, tag = 9229

D/MLTransition( 116): AnimData: 0x100ffd10, m_pAnimData: 0x100ffd10, Texture: 0 x100ffd80, m_pTexture: 0x100ffd80
D/MLTransition( 116): Draw: Progress: 0.973333, Enter: 1, Main: 0, Bottom: 1, A lpha: 255, Texture: 0 0 540 960
D/MLTransition( 116): Before access texture...m_pAnimData: 0x100ffd10, m_pTextu re: 0x100ffd80
D/MLTransition( 116): ~After access texture...m_pAnimData: 0x100ffd10, m_pTextu re: 0x100ffd80
D/MLTransition( 116): Texture Ready: 1, ID: 3248, Format: 1, Opaque: 1, Anim al pha: 1.000000
I/QualcommCamera( 119): Qint android::get_camera_info(int, camera_info*): E
V/QCameraHAL( 119): void android::HAL_getCameraInfo(int, android::CameraInfo*): E
V/QCameraHAL( 119): void android::HAL_getCameraInfo(int, android::CameraInfo*): X
D/SurfaceComposerClient( 236): SurfaceComposerClient::step3DAnimation SurfaceID =584 progress=1.000000
D/SurfaceComposerClient( 236): SurfaceComposerClient::step3DAnimation SurfaceID =738 progress=1.000000
D/SurfaceComposerClient( 236): SurfaceComposerClient::step3DAnimation SurfaceID =737 progress=1.000000
D/SurfaceFlinger( 116): [GLAnimation]Step: 9227, 1.000000
D/SurfaceFlinger( 116): [GLAnimation]Step: 9228, 1.000000
D/SurfaceFlinger( 116): [GLAnimation]Step: 9229, 1.000000
D/CHTCPluginManager( 116): CHTCPluginManager::draw, tag = 9227
D/MLTransition( 116): AnimData: 0x100ffd10, m_pAnimData: 0x100ffd10, Texture: 0 x100ffd80, m_pTexture: 0x100ffd80
D/MLTransition( 116): Draw: Progress: 1.000000, Enter: 0, Main: 0, Bottom: 1, A lpha: 255, Texture: 0 0 540 960
D/MLTransition( 116): Before access texture...m_pAnimData: 0x100ffd10, m_pTextu re: 0x100ffd80
D/MLTransition( 116): ~After access texture...m_pAnimData: 0x100ffd10, m_pTextu re: 0x100ffd80
D/MLTransition( 116): Texture Ready: 1, ID: 3246, Format: 4, Opaque: 1, Anim al pha: 1.000000
D/CHTCPluginManager( 116): CHTCPluginManager::draw, tag = 9229
D/MLTransition( 116): AnimData: 0x100ffd10, m_pAnimData: 0x100ffd10, Texture: 0 x100ffd80, m_pTexture: 0x100ffd80
D/MLTransition( 116): Draw: Progress: 1.000000, Enter: 1, Main: 0, Bottom: 1, A lpha: 255, Texture: 0 0 540 960
D/MLTransition( 116): Before access texture...m_pAnimData: 0x100ffd10, m_pTextu re: 0x100ffd80
D/MLTransition( 116): ~After access texture...m_pAnimData: 0x100ffd10, m_pTextu re: 0x100ffd80
D/MLTransition( 116): Texture Ready: 1, ID: 3248, Format: 1, Opaque: 1, Anim al pha: 1.000000
D/SurfaceComposerClient( 236): SurfaceComposerClient::destroy3DAnimation Surfac eID=737
D/SurfaceComposerClient( 236): SurfaceComposerClient::destroy3DAnimation Surfac eID=738
D/SurfaceComposerClient( 236): SurfaceComposerClient::destroy3DAnimation Surfac eID=584
D/SurfaceFlinger( 116): [GLAnimation]Destroy: 9227
D/SurfaceFlinger( 116): [GLAnimation]Destroy: 9228
D/SurfaceFlinger( 116): [GLAnimation]Destroy: 9229
D/CHTCPluginManager( 116): CHTCPluginManager::setAnimation (null) for 9227
D/CHTCPluginManager( 116): CHTCPluginManager::setAnimation (null) for 9228
D/CHTCPluginManager( 116): CHTCPluginManager::setAnimation (null) for 9229
D/vk ( 2082): sort=hints
D/memalloc( 116): ion: Freeing buffer base:0x449ca000 size:2088960 fd:79

D/memalloc( 116): ion: Unmapping buffer base:0x449ca000 size:2088960
D/memalloc( 116): ion: Freeing buffer base:0x43e8c000 size:1044480 fd:58
D/memalloc( 116): ion: Unmapping buffer base:0x43e8c000 size:1044480
D/MP-Decision( 748): DOWN Ns:2.100000 Ts:270 rq:1.600000 seq:293 (Up time:617)
D/SqliteDatabaseCpp( 2082): Registering sqlite logging func: /data/data/com.vkon takte.android/databases/friends.db
D/SqliteDatabaseCpp( 2082): DB info: open db, path = /data/data/com.vkontakte.an droid/databases , key = bvaejdw, flag = 6, file size = 41984
D/SqliteDatabaseCpp( 2082): DB info: path = /data/data/com.vkontakte.android/dat abases , key = bvaejdw, handle: 0xddc2f8, type: w, r/w: (0,1), mode: truncate, d isk free size: 1725 M
I/vk ( 2082): num=0
D/SqliteDatabaseCpp( 2082): DB info: close db, path = /data/data/com.vkontakte.a ndroid/databases , key = bvaejdw, handle = 0xddc2f8, type = w, r/w = (0, 0)
D/MP-Decision( 748): DOWN Ns:2.100000 Ts:270 rq:1.100000 seq:392 (Up time:716)
D/dalvikvm( 2082): GC_CONCURRENT freed 533K, 13% free 4097K/4707K, paused 2ms+2m s
D/SqliteDatabaseCpp( 2082): DB info: open db, path = /data/data/com.vkontakte.an droid/databases , key = hkwtw, flag = 6, file size = 70656
D/SqliteDatabaseCpp( 2082): DB info: path = /data/data/com.vkontakte.android/dat abases , key = hkwtw, handle: 0xe2dc80, type: w, r/w: (0,1), mode: truncate, dis k free size: 1725 M
D/SqliteDatabaseCpp( 2082): DB info: close db, path = /data/data/com.vkontakte.a ndroid/databases , key = hkwtw, handle = 0xe2dc80, type = w, r/w = (0, 0)
D/SqliteDatabaseCpp( 2082): DB info: open db, path = /data/data/com.vkontakte.an droid/databases , key = hkwtw, flag = 6, file size = 70656
D/SqliteDatabaseCpp( 2082): DB info: path = /data/data/com.vkontakte.android/dat abases , key = hkwtw, handle: 0xe0fc68, type: w, r/w: (0,1), mode: truncate, dis k free size: 1725 M
D/MP-Decision( 748): DOWN Ns:2.100000 Ts:270 rq:1.200000 seq:491 (Up time:815)
D/dalvikvm( 2082): GC_FOR_ALLOC freed 219K, 8% free 4405K/4771K, paused 17ms
I/dalvikvm-heap( 2082): Grow heap (frag case) to 7.453MB for 3225616-byte alloca tion
D/MP-Decision( 748): DOWN Ns:2.100000 Ts:270 rq:1.000000 seq:590 (Up time:914)
D/dalvikvm( 2082): GC_FOR_ALLOC freed 10K, 6% free 7545K/7971K, paused 15ms
D/dalvikvm( 2082): GC_FOR_ALLOC freed <1K, 6% free 7545K/7971K, paused 15ms
I/dalvikvm-heap( 2082): Grow heap (frag case) to 9.173MB for 1814416-byte alloca tion
D/dalvikvm( 2082): GC_FOR_ALLOC freed 0K, 5% free 9317K/9763K, paused 15ms
D/MP-Decision( 748): DOWN Ns:2.100000 Ts:270 rq:1.100000 seq:689 (Up time:1013)
D/SqliteDatabaseCpp( 2082): DB info: close db, path = /data/data/com.vkontakte.a ndroid/databases , key = hkwtw, handle = 0xe0fc68, type = w, r/w = (0, 0)
V/vk ( 2082): about to update user info...
D/vk ( 2082): var u=API.users.get({uids:79311,fields:"photo_medium_rec,onli ne,can_post,education,city,counters,relation,sex,bdate,contacts,activity,can_see _all_posts,timezone",relation_case:"def"});var p=API.photos.getAll({owner_id:793 11,count:25,photo_sizes:1});return u[0]+{name:u[0].first_name+" "+u[0].last_name , photo:u[0].photo_medium_rec,city:API.getCities({cids:u[0].city})[0].name, phot os:p, name1:API.users.get({uid:79311,name_case:"ins"})[0].first_name,name2:API.u sers.get({uid:79311,name_case:"gen"})[0].first_name, ngroups:API.groups.get({ext ended:1,uid:79311})[0], time: API.getServerTime()};
D/MP-Decision( 748): DOWN Ns:2.100000 Ts:270 rq:1.200000 seq:788 (Up time:1112)
I/global ( 2082): call createSocket() return a new socket.
D/SqliteDatabaseCpp( 2082): DB info: open db, path = /data/data/com.vkontakte.an droid/databases , key = amcgY, flag = 6, file size = 4096
D/Socket_Alarm( 2082): registerHTCSocketMonitorCallBack
D/Socket_Alarm( 2082): set mSocketMonitor
D/Socket_Alarm( 2082): HTCSocketMonitorImpl::HTCSocketMonitorImpl
D/SqliteDatabaseCpp( 2082): DB info: open db, path = /data/data/com.vkontakte.an droid/databases , key = amcgY, flag = 6, file size = 4096

D/SqliteDatabaseCpp( 2082): DB info: path = /data/data/com.vkontakte.android/dat abases , key = amcgY, handle: 0xdf0bf8, type: w, r/w: (0,1), mode: truncate, dis k free size: 1725 M
D/SqliteDatabaseCpp( 2082): DB info: path = /data/data/com.vkontakte.android/dat abases , key = amcgY, handle: 0xdea048, type: w, r/w: (0,2), mode: truncate, dis k free size: 1725 M
D/SqliteDatabaseCpp( 2082): DB info: open db, path = /data/data/com.vkontakte.an droid/databases , key = sefraes, flag = 6, file size = 12288
D/webview ( 2082): [InitTabEffectPivot] >> nScreenWidth = 540
D/webview ( 2082): [InitTabEffectPivot] >> nScreenHeight = 960
I/vk ( 2082): on attached
D/SqliteDatabaseCpp( 2082): DB info: open db, path = /data/data/com.vkontakte.an droid/databases , key = bvaejdw, flag = 6, file size = 41984
D/SqliteDatabaseCpp( 2082): DB info: path = /data/data/com.vkontakte.android/dat abases , key = sefraes, handle: 0x130c818, type: w, r/w: (0,1), mode: truncate, disk free size: 1725 M
D/SqliteDatabaseCpp( 2082): DB info: path = /data/data/com.vkontakte.android/dat abases , key = bvaejdw, handle: 0x1321a20, type: w, r/w: (0,1), mode: truncate, disk free size: 1725 M
D/SqliteDatabaseCpp( 2082): DB info: close db, path = /data/data/com.vkontakte.a ndroid/databases , key = bvaejdw, handle = 0x1321a20, type = w, r/w = (0, 0)
D/SqliteDatabaseCpp( 2082): DB info: open db, path = /data/data/com.vkontakte.an droid/databases , key = cvkuhw, flag = 6, file size = 10240
D/SqliteDatabaseCpp( 2082): DB info: path = /data/data/com.vkontakte.android/dat abases , key = cvkuhw, handle: 0x1321a20, type: w, r/w: (0,1), mode: truncate, d isk free size: 1725 M
D/libEGL ( 2082): loaded /system/lib/egl/libGLES_android.so
D/SqliteDatabaseCpp( 2082): DB info: close db, path = /data/data/com.vkontakte.a ndroid/databases , key = cvkuhw, handle = 0x1321a20, type = w, r/w = (0, 0)
D/libEGL ( 2082): loaded /system/lib/egl/libEGL_adreno200.so
D/libEGL ( 2082): loaded /system/lib/egl/libGLESv1_CM_adreno200.so
D/libEGL ( 2082): loaded /system/lib/egl/libGLESv2_adreno200.so
D/memalloc( 116): ion: Allocated buffer base:0x43ab2000 size:2088960 fd:51
D/memalloc( 2082): ion: Mapped buffer base:0x53430000 size:2088960 offset:0 fd:8 4
D/OpenGLRenderer( 2082): Enabling debug mode 0
I/dalvikvm( 2082): Could not find method android.app.ActivityOptions.makeScaleUp Animation, referenced from method com.vkontakte.android.NewsItemView.openPhotoLi st
W/dalvikvm( 2082): VFY: unable to resolve static method 57: Landroid/app/Activit yOptions;.makeScaleUpAnimation (Landroid/view/View;IIII)Landroid/app/ActivityOpt ions;
D/dalvikvm( 2082): VFY: replacing opcode 0x71 at 0x010a
V/chromium( 2082): external/chromium/net/host_resolver_helper/host_resolver_help er.cc:66: [1027/142530:INFO:host_resolver_helper.cc(66)] DNSPreResolver::Init go t hostprovider:0x522fb220
V/chromium( 2082): external/chromium/net/base/host_resolver_impl.cc:1515: [1027/ 142530:INFO:host_resolver_impl.cc(1515)] HostResolverImpl::SetPreresolver preres olver:0x013c54f8
V/WebRequest( 2082): WebRequest::WebRequest, setPriority = 1
V/chromium( 2082): external/chromium/net/disk_cache/hostres_plugin_bridge.cc:52: [1027/142530:INFO:hostres_plugin_bridge.cc(52)] StatHubCreateHostResPlugin init ializing...
V/chromium( 2082): external/chromium/net/disk_cache/hostres_plugin_bridge.cc:57: [1027/142530:INFO:hostres_plugin_bridge.cc(57)] StatHubCreateHostResPlugin lib loaded
V/chromium( 2082): external/chromium/net/disk_cache/hostres_plugin_bridge.cc:63: [1027/142530:INFO:hostres_plugin_bridge.cc(63)] StatHubCreateHostResPlugin plug in connected
V/chromium( 2082): external/chromium/net/http/http_cache.cc:1167: [1027/142530:I

NFO:http_cache.cc(1167)] HttpCache::OnBackendCreated HostStat created
E/chromium( 2082): external/chromium/net/disk_cache/stat_hub.cc:190: [1027/14253 0:ERROR:stat_hub.cc(190)] StatHub::Init - App com.vkontakte.android isn't suppor ted.
E/chromium( 2082): external/chromium/net/disk_cache/stat_hub.cc:190: [1027/14253 0:ERROR:stat_hub.cc(190)] StatHub::Init - App com.vkontakte.android isn't suppor ted.
I/qtaguid ( 2082): Failed write_ctrl(t 98 43181601193984 1852400751) res=-1 errn o=1
I/qtaguid ( 2082): Tagging socket 98 with tag 274600000000(10054) for uid 185240 0751 failed errno=-1
I/qtaguid ( 2082): Failed write_ctrl(t 100 43181601193984 1852400751) res=-1 err no=1
I/qtaguid ( 2082): Tagging socket 100 with tag 274600000000(10054) for uid 18524 00751 failed errno=-1
I/qtaguid ( 2082): Failed write_ctrl(t 105 43181601193984 1852400751) res=-1 err no=1
I/qtaguid ( 2082): Tagging socket 105 with tag 274600000000(10054) for uid 18524 00751 failed errno=-1
D/dalvikvm( 2082): GC_CONCURRENT freed 4206K, 37% free 7321K/11619K, paused 2ms+ 4ms
E/SQLiteDatabase( 2082): close() was never explicitly called on database '/data/ data/com.vkontakte.android/databases/imgcache'
E/SQLiteDatabase( 2082): android.database.sqlite.DatabaseObjectNotClosedExceptio n: Application did not close the cursor or database object that was opened here
E/SQLiteDatabase( 2082): at android.database.sqlite.SQLiteDatabase.<init> (SQLiteDatabase.java:2088)
E/SQLiteDatabase( 2082): at android.database.sqlite.SQLiteDatabase.openDa tabase(SQLiteDatabase.java:1107)
E/SQLiteDatabase( 2082): at android.database.sqlite.SQLiteDatabase.openDa tabase(SQLiteDatabase.java:1062)
E/SQLiteDatabase( 2082): at android.database.sqlite.SQLiteDatabase.openOr CreateDatabase(SQLiteDatabase.java:1156)
E/SQLiteDatabase( 2082): at android.app.ContextImpl.openOrCreateDatabase( ContextImpl.java:1041)
E/SQLiteDatabase( 2082): at android.content.ContextWrapper.openOrCreateDa tabase(ContextWrapper.java:221)
E/SQLiteDatabase( 2082): at android.database.sqlite.SQLiteOpenHelper.getW ritableDatabase(SQLiteOpenHelper.java:165)
E/SQLiteDatabase( 2082): at com.vkontakte.android.ImageCache.openDB(Image Cache.java:75)
E/SQLiteDatabase( 2082): at com.vkontakte.android.ImageCache.access$1(Ima geCache.java:72)
E/SQLiteDatabase( 2082): at com.vkontakte.android.ImageCache$SqlRunner.ru n(ImageCache.java:382)
E/SQLiteDatabase( 2082): at java.lang.Thread.run(Thread.java:864)
E/System ( 2082): Uncaught exception thrown by finalizer
E/System ( 2082): java.lang.IllegalStateException: Don't have database lock!
E/System ( 2082): at android.database.sqlite.SQLiteDatabase.verifyLockOwne r(SQLiteDatabase.java:2238)
E/System ( 2082): at android.database.sqlite.SQLiteDatabase$1.entryRemoved (SQLiteDatabase.java:2330)
E/System ( 2082): at android.database.sqlite.SQLiteDatabase$1.entryRemoved (SQLiteDatabase.java:2326)
E/System ( 2082): at android.util.LruCache.trimToSize(LruCache.java:197)
E/System ( 2082): at android.util.LruCache.evictAll(LruCache.java:285)
E/System ( 2082): at android.database.sqlite.SQLiteDatabase.deallocCachedS qlStatements(SQLiteDatabase.java:2291)
E/System ( 2082): at android.database.sqlite.SQLiteDatabase.closeClosable( SQLiteDatabase.java:1234)

E/System ( 2082): at android.database.sqlite.SQLiteDatabase.finalize(SQLit eDatabase.java:2059)
E/System ( 2082): at java.lang.Daemons$FinalizerDaemon.doFinalize(Daemons. java:190)
E/System ( 2082): at java.lang.Daemons$FinalizerDaemon.run(Daemons.java:17 3)
E/System ( 2082): at java.lang.Thread.run(Thread.java:864)
I/qtaguid ( 2082): Failed write_ctrl(t 107 43181601193984 3538998) res=-1 errno= 1
I/qtaguid ( 2082): Tagging socket 107 with tag 274600000000(10054) for uid 35389 98 failed errno=-1
I/qtaguid ( 2082): Failed write_ctrl(t 108 43181601193984 3538998) res=-1 errno= 1
I/qtaguid ( 2082): Tagging socket 108 with tag 274600000000(10054) for uid 35389 98 failed errno=-1
I/qtaguid ( 2082): Failed write_ctrl(t 109 43181601193984 3538998) res=-1 errno= 1
I/qtaguid ( 2082): Tagging socket 109 with tag 274600000000(10054) for uid 35389 98 failed errno=-1
D/dalvikvm( 2082): GC_CONCURRENT freed 1459K, 34% free 7675K/11619K, paused 2ms+ 2ms
I/global ( 2082): call createSocket() return a new socket.
D/skia ( 2082): notifyPluginsOnFrameLoad not postponed
D/memalloc( 116): ion: Allocated buffer base:0x43e8c000 size:2088960 fd:60
D/memalloc( 2082): ion: Mapped buffer base:0x543d4000 size:2088960 offset:0 fd:1 16
I/ActivityManager( 236): Displayed com.vkontakte.android/.MainActivity: +1s756m s
I/InputManagerService( 236): [unbindCurrentClientLocked] Disable input method c lient.
I/InputManagerService( 236): [startInputLocked] Enable input method client.
W/InputManagerService( 236): Starting input on non-focused client com.android.i nternal.view.IInputMethodClient$Stub$Proxy@40fa15e0 (uid=9999 pid=790)
D/memalloc( 236): ion: Unmapping buffer base:0x59779000 size:2088960
D/webviewglue( 2082): nativeDestroy view: 0x143c550
D/memalloc( 116): ion: Freeing buffer base:0x44fc4000 size:2088960 fd:82
D/memalloc( 116): ion: Unmapping buffer base:0x44fc4000 size:2088960
D/dalvikvm( 2082): GC_FOR_ALLOC freed 871K, 31% free 8126K/11619K, paused 24ms
D/dalvikvm( 2082): GC_FOR_ALLOC freed 226K, 20% free 9305K/11619K, paused 20ms
D/dalvikvm( 2082): GC_FOR_ALLOC freed 41K, 15% free 9942K/11619K, paused 20ms
D/memalloc( 116): ion: Allocated buffer base:0x440ec000 size:2088960 fd:63
D/memalloc( 2082): ion: Mapped buffer base:0x54db0000 size:2088960 offset:0 fd:1 22
W/CpuWake ( 236): >>releaseCpuPerfWakeLock
W/CpuWake ( 236): <<releaseCpuPerfWakeLock
D/dalvikvm( 2082): GC_FOR_ALLOC freed 58K, 14% free 10653K/12387K, paused 23ms
D/dalvikvm( 2082): GC_FOR_ALLOC freed 161K, 14% free 11505K/13347K, paused 20ms
I/dalvikvm-heap( 2082): Grow heap (frag case) to 12.571MB for 1321936-byte alloc ation
D/dalvikvm( 2082): GC_FOR_ALLOC freed <1K, 13% free 12795K/14691K, paused 23ms
D/WifiStateMachine( 236): fetchRssiAndLinkSpeedNative RSSI = -65
D/FxWorkspaceClient( 790): thawAllScreens
D/FxWorkspaceClient( 790): thawAllScreens
D/OpenGLRenderer( 790): Flushing caches (mode 2)
D/ConnectivityService( 236): onUidRulesChanged(uid=9999, uidRules=0)
D/SqliteDatabaseCpp( 2082): DB info: open db, path = /data/data/com.vkontakte.an droid/databases , key = daYlkcw, flag = 6, file size = 18432
D/SqliteDatabaseCpp( 2082): DB info: path = /data/data/com.vkontakte.android/dat abases , key = daYlkcw, handle: 0x1521318, type: w, r/w: (0,1), mode: truncate, disk free size: 1725 M

D/SqliteDatabaseCpp( 2082): DB info: close db, path = /data/data/com.vkontakte.a ndroid/databases , key = daYlkcw, handle = 0x1521318, type = w, r/w = (0, 0)
D/SqliteDatabaseCpp( 2082): DB info: open db, path = /data/data/com.vkontakte.an droid/databases , key = g`Ytw, flag = 6, file size = 224256
D/SqliteDatabaseCpp( 2082): DB info: path = /data/data/com.vkontakte.android/dat abases , key = g`Ytw, handle: 0x1520c90, type: w, r/w: (0,1), mode: truncate, di sk free size: 1725 M
I/vk_longpoll( 2082): Starting LongPoll service.
D/vk_longpoll( 2082): started = false
D/vk_longpoll( 2082): LongPoll starting
D/SqliteDatabaseCpp( 2082): DB info: close db, path = /data/data/com.vkontakte.a ndroid/databases , key = g`Ytw, handle = 0x1520c90, type = w, r/w = (0, 0)
D/vk ( 2082): will update 157853767 [1350936031;1351278821]
D/SqliteDatabaseCpp( 2082): DB info: open db, path = /data/data/com.vkontakte.an droid/databases , key = g`Ytw, flag = 6, file size = 224256
D/SqliteDatabaseCpp( 2082): DB info: path = /data/data/com.vkontakte.android/dat abases , key = g`Ytw, handle: 0x1537408, type: w, r/w: (0,1), mode: truncate, di sk free size: 1725 M
D/SqliteDatabaseCpp( 2082): DB info: close db, path = /data/data/com.vkontakte.a ndroid/databases , key = g`Ytw, handle = 0x1537408, type = w, r/w = (0, 0)
D/vk ( 2082): will update 2000000018 [1351249382;1351278761]
D/SqliteDatabaseCpp( 2082): DB info: open db, path = /data/data/com.vkontakte.an droid/databases , key = g`Ytw, flag = 6, file size = 224256
D/SqliteDatabaseCpp( 2082): DB info: path = /data/data/com.vkontakte.android/dat abases , key = g`Ytw, handle: 0x1537408, type: w, r/w: (0,1), mode: truncate, di sk free size: 1725 M
D/SqliteDatabaseCpp( 2082): DB info: close db, path = /data/data/com.vkontakte.a ndroid/databases , key = g`Ytw, handle = 0x1537408, type = w, r/w = (0, 0)
D/SqliteDatabaseCpp( 2082): DB info: open db, path = /data/data/com.vkontakte.an droid/databases , key = g`Ytw, flag = 6, file size = 224256
D/SqliteDatabaseCpp( 2082): DB info: path = /data/data/com.vkontakte.android/dat abases , key = g`Ytw, handle: 0x1537408, type: w, r/w: (0,1), mode: truncate, di sk free size: 1725 M
D/SqliteDatabaseCpp( 2082): DB info: close db, path = /data/data/com.vkontakte.a ndroid/databases , key = g`Ytw, handle = 0x1537408, type = w, r/w = (0, 0)
D/SqliteDatabaseCpp( 2082): DB info: open db, path = /data/data/com.vkontakte.an droid/databases , key = g`Ytw, flag = 6, file size = 224256
D/SqliteDatabaseCpp( 2082): DB info: path = /data/data/com.vkontakte.android/dat abases , key = g`Ytw, handle: 0x1537408, type: w, r/w: (0,1), mode: truncate, di sk free size: 1725 M
D/SqliteDatabaseCpp( 2082): DB info: close db, path = /data/data/com.vkontakte.a ndroid/databases , key = g`Ytw, handle = 0x1537408, type = w, r/w = (0, 0)
D/SqliteDatabaseCpp( 2082): DB info: open db, path = /data/data/com.vkontakte.an droid/databases , key = g`Ytw, flag = 6, file size = 224256
D/SqliteDatabaseCpp( 2082): DB info: path = /data/data/com.vkontakte.android/dat abases , key = g`Ytw, handle: 0x1537408, type: w, r/w: (0,1), mode: truncate, di sk free size: 1725 M
D/SqliteDatabaseCpp( 2082): DB info: close db, path = /data/data/com.vkontakte.a ndroid/databases , key = g`Ytw, handle = 0x1537408, type = w, r/w = (0, 0)
D/SqliteDatabaseCpp( 2082): DB info: open db, path = /data/data/com.vkontakte.an droid/databases , key = g`Ytw, flag = 6, file size = 224256
D/SqliteDatabaseCpp( 2082): DB info: path = /data/data/com.vkontakte.android/dat abases , key = g`Ytw, handle: 0x1537408, type: w, r/w: (0,1), mode: truncate, di sk free size: 1725 M
D/SqliteDatabaseCpp( 2082): DB info: close db, path = /data/data/com.vkontakte.a ndroid/databases , key = g`Ytw, handle = 0x1537408, type = w, r/w = (0, 0)
D/SqliteDatabaseCpp( 2082): DB info: open db, path = /data/data/com.vkontakte.an droid/databases , key = g`Ytw, flag = 6, file size = 224256
D/SqliteDatabaseCpp( 2082): DB info: path = /data/data/com.vkontakte.android/dat abases , key = g`Ytw, handle: 0x151fdb0, type: w, r/w: (0,1), mode: truncate, di

sk free size: 1725 M
D/SqliteDatabaseCpp( 2082): DB info: close db, path = /data/data/com.vkontakte.a ndroid/databases , key = g`Ytw, handle = 0x151fdb0, type = w, r/w = (0, 0)
D/SqliteDatabaseCpp( 2082): DB info: open db, path = /data/data/com.vkontakte.an droid/databases , key = g`Ytw, flag = 6, file size = 224256
D/SqliteDatabaseCpp( 2082): DB info: path = /data/data/com.vkontakte.android/dat abases , key = g`Ytw, handle: 0x1537408, type: w, r/w: (0,1), mode: truncate, di sk free size: 1725 M
D/SqliteDatabaseCpp( 2082): DB info: close db, path = /data/data/com.vkontakte.a ndroid/databases , key = g`Ytw, handle = 0x1537408, type = w, r/w = (0, 0)
D/SqliteDatabaseCpp( 2082): DB info: open db, path = /data/data/com.vkontakte.an droid/databases , key = g`Ytw, flag = 6, file size = 224256
D/SqliteDatabaseCpp( 2082): DB info: path = /data/data/com.vkontakte.android/dat abases , key = g`Ytw, handle: 0x151fdb0, type: w, r/w: (0,1), mode: truncate, di sk free size: 1725 M
D/SqliteDatabaseCpp( 2082): DB info: close db, path = /data/data/com.vkontakte.a ndroid/databases , key = g`Ytw, handle = 0x151fdb0, type = w, r/w = (0, 0)
D/SqliteDatabaseCpp( 2082): DB info: open db, path = /data/data/com.vkontakte.an droid/databases , key = g`Ytw, flag = 6, file size = 224256
D/MP-Decision( 748): DOWN Ns:2.100000 Ts:270 rq:1.800000 seq:297 (Up time:2806)
D/SqliteDatabaseCpp( 2082): DB info: path = /data/data/com.vkontakte.android/dat abases , key = g`Ytw, handle: 0x151fdb0, type: w, r/w: (0,1), mode: truncate, di sk free size: 1725 M
D/SqliteDatabaseCpp( 2082): DB info: close db, path = /data/data/com.vkontakte.a ndroid/databases , key = g`Ytw, handle = 0x151fdb0, type = w, r/w = (0, 0)
D/SqliteDatabaseCpp( 2082): DB info: open db, path = /data/data/com.vkontakte.an droid/databases , key = g`Ytw, flag = 6, file size = 224256
D/SqliteDatabaseCpp( 2082): DB info: path = /data/data/com.vkontakte.android/dat abases , key = g`Ytw, handle: 0x151fdb0, type: w, r/w: (0,1), mode: truncate, di sk free size: 1725 M
D/SqliteDatabaseCpp( 2082): DB info: close db, path = /data/data/com.vkontakte.a ndroid/databases , key = g`Ytw, handle = 0x151fdb0, type = w, r/w = (0, 0)
D/SqliteDatabaseCpp( 2082): DB info: open db, path = /data/data/com.vkontakte.an droid/databases , key = g`Ytw, flag = 6, file size = 224256
D/SqliteDatabaseCpp( 2082): DB info: path = /data/data/com.vkontakte.android/dat abases , key = g`Ytw, handle: 0x151fdb0, type: w, r/w: (0,1), mode: truncate, di sk free size: 1725 M
I/global ( 2082): call createSocket() return a new socket.
D/SqliteDatabaseCpp( 2082): DB info: close db, path = /data/data/com.vkontakte.a ndroid/databases , key = g`Ytw, handle = 0x151fdb0, type = w, r/w = (0, 0)
D/SqliteDatabaseCpp( 2082): DB info: open db, path = /data/data/com.vkontakte.an droid/databases , key = g`Ytw, flag = 6, file size = 224256
D/SqliteDatabaseCpp( 2082): DB info: path = /data/data/com.vkontakte.android/dat abases , key = g`Ytw, handle: 0x15358b0, type: w, r/w: (0,1), mode: truncate, di sk free size: 1725 M
D/SqliteDatabaseCpp( 2082): DB info: close db, path = /data/data/com.vkontakte.a ndroid/databases , key = g`Ytw, handle = 0x15358b0, type = w, r/w = (0, 0)
D/SqliteDatabaseCpp( 2082): DB info: open db, path = /data/data/com.vkontakte.an droid/databases , key = g`Ytw, flag = 6, file size = 224256
D/SqliteDatabaseCpp( 2082): DB info: path = /data/data/com.vkontakte.android/dat abases , key = g`Ytw, handle: 0x1537408, type: w, r/w: (0,1), mode: truncate, di sk free size: 1725 M
D/SqliteDatabaseCpp( 2082): DB info: close db, path = /data/data/com.vkontakte.a ndroid/databases , key = g`Ytw, handle = 0x1537408, type = w, r/w = (0, 0)
D/SqliteDatabaseCpp( 2082): DB info: open db, path = /data/data/com.vkontakte.an droid/databases , key = g`Ytw, flag = 6, file size = 224256
D/SqliteDatabaseCpp( 2082): DB info: path = /data/data/com.vkontakte.android/dat abases , key = g`Ytw, handle: 0x15358b0, type: w, r/w: (0,1), mode: truncate, di sk free size: 1725 M
D/SqliteDatabaseCpp( 2082): DB info: close db, path = /data/data/com.vkontakte.a

ndroid/databases , key = g`Ytw, handle = 0x15358b0, type = w, r/w = (0, 0)
D/SqliteDatabaseCpp( 2082): DB info: open db, path = /data/data/com.vkontakte.an droid/databases , key = g`Ytw, flag = 6, file size = 224256
D/SqliteDatabaseCpp( 2082): DB info: path = /data/data/com.vkontakte.android/dat abases , key = g`Ytw, handle: 0x1537408, type: w, r/w: (0,1), mode: truncate, di sk free size: 1725 M
D/SqliteDatabaseCpp( 2082): DB info: close db, path = /data/data/com.vkontakte.a ndroid/databases , key = g`Ytw, handle = 0x1537408, type = w, r/w = (0, 0)
D/SqliteDatabaseCpp( 2082): DB info: open db, path = /data/data/com.vkontakte.an droid/databases , key = g`Ytw, flag = 6, file size = 224256
D/SqliteDatabaseCpp( 2082): DB info: path = /data/data/com.vkontakte.android/dat abases , key = g`Ytw, handle: 0x15358b0, type: w, r/w: (0,1), mode: truncate, di sk free size: 1725 M
D/SqliteDatabaseCpp( 2082): DB info: close db, path = /data/data/com.vkontakte.a ndroid/databases , key = g`Ytw, handle = 0x15358b0, type = w, r/w = (0, 0)
D/SqliteDatabaseCpp( 2082): DB info: open db, path = /data/data/com.vkontakte.an droid/databases , key = g`Ytw, flag = 6, file size = 224256
D/SqliteDatabaseCpp( 2082): DB info: path = /data/data/com.vkontakte.android/dat abases , key = g`Ytw, handle: 0x1537408, type: w, r/w: (0,1), mode: truncate, di sk free size: 1725 M
D/SqliteDatabaseCpp( 2082): DB info: close db, path = /data/data/com.vkontakte.a ndroid/databases , key = g`Ytw, handle = 0x1537408, type = w, r/w = (0, 0)
D/SqliteDatabaseCpp( 2082): DB info: open db, path = /data/data/com.vkontakte.an droid/databases , key = g`Ytw, flag = 6, file size = 224256
D/SqliteDatabaseCpp( 2082): DB info: path = /data/data/com.vkontakte.android/dat abases , key = g`Ytw, handle: 0x15358b0, type: w, r/w: (0,1), mode: truncate, di sk free size: 1725 M
D/SqliteDatabaseCpp( 2082): DB info: close db, path = /data/data/com.vkontakte.a ndroid/databases , key = g`Ytw, handle = 0x15358b0, type = w, r/w = (0, 0)
D/SqliteDatabaseCpp( 2082): DB info: open db, path = /data/data/com.vkontakte.an droid/databases , key = g`Ytw, flag = 6, file size = 224256
