D/SqliteDatabaseCpp( 2082): DB info: path = /data/data/com.vkontakte.android/dat abases , key = g`Ytw, handle: 0x151fdb0, type: w, r/w: (0,1), mode: truncate, di sk free size: 1725 M
D/SqliteDatabaseCpp( 2082): DB info: close db, path = /data/data/com.vkontakte.a ndroid/databases , key = g`Ytw, handle = 0x151fdb0, type = w, r/w = (0, 0)
D/vk ( 2082): t=0
D/vk ( 2082): replace friends cache
D/SqliteDatabaseCpp( 2082): DB info: open db, path = /data/data/com.vkontakte.an droid/databases , key = bvaejdw, flag = 6, file size = 41984
D/SqliteDatabaseCpp( 2082): DB info: open db, path = /data/data/com.vkontakte.an droid/databases , key = g`Ytw, flag = 6, file size = 224256
D/SqliteDatabaseCpp( 2082): DB info: path = /data/data/com.vkontakte.android/dat abases , key = bvaejdw, handle: 0x1540ae0, type: w, r/w: (0,1), mode: truncate, disk free size: 1725 M
D/SqliteDatabaseCpp( 2082): DB info: path = /data/data/com.vkontakte.android/dat abases , key = g`Ytw, handle: 0x15358b0, type: w, r/w: (0,1), mode: truncate, di sk free size: 1725 M
D/SqliteDatabaseCpp( 2082): DB info: close db, path = /data/data/com.vkontakte.a ndroid/databases , key = g`Ytw, handle = 0x15358b0, type = w, r/w = (0, 0)
D/SqliteDatabaseCpp( 2082): DB info: open db, path = /data/data/com.vkontakte.an droid/databases , key = g`Ytw, flag = 6, file size = 224256
D/SqliteDatabaseCpp( 2082): DB info: path = /data/data/com.vkontakte.android/dat abases , key = g`Ytw, handle: 0x151fdb0, type: w, r/w: (0,1), mode: truncate, di sk free size: 1725 M
D/SqliteDatabaseCpp( 2082): DB info: close db, path = /data/data/com.vkontakte.a ndroid/databases , key = g`Ytw, handle = 0x151fdb0, type = w, r/w = (0, 0)
D/SqliteDatabaseCpp( 2082): DB info: open db, path = /data/data/com.vkontakte.an droid/databases , key = g`Ytw, flag = 6, file size = 224256
D/SqliteDatabaseCpp( 2082): DB info: path = /data/data/com.vkontakte.android/dat

abases , key = g`Ytw, handle: 0x1537408, type: w, r/w: (0,1), mode: truncate, di sk free size: 1725 M
D/SqliteDatabaseCpp( 2082): DB info: close db, path = /data/data/com.vkontakte.a ndroid/databases , key = g`Ytw, handle = 0x1537408, type = w, r/w = (0, 0)
D/SqliteDatabaseCpp( 2082): DB info: open db, path = /data/data/com.vkontakte.an droid/databases , key = g`Ytw, flag = 6, file size = 224256
D/SqliteDatabaseCpp( 2082): DB info: path = /data/data/com.vkontakte.android/dat abases , key = g`Ytw, handle: 0x15358b0, type: w, r/w: (0,1), mode: truncate, di sk free size: 1725 M
D/SqliteDatabaseCpp( 2082): DB info: close db, path = /data/data/com.vkontakte.a ndroid/databases , key = g`Ytw, handle = 0x15358b0, type = w, r/w = (0, 0)
D/SqliteDatabaseCpp( 2082): DB info: open db, path = /data/data/com.vkontakte.an droid/databases , key = g`Ytw, flag = 6, file size = 224256
D/SqliteDatabaseCpp( 2082): DB info: path = /data/data/com.vkontakte.android/dat abases , key = g`Ytw, handle: 0x151fdb0, type: w, r/w: (0,1), mode: truncate, di sk free size: 1725 M
D/SqliteDatabaseCpp( 2082): DB info: close db, path = /data/data/com.vkontakte.a ndroid/databases , key = g`Ytw, handle = 0x151fdb0, type = w, r/w = (0, 0)
D/SqliteDatabaseCpp( 2082): DB info: open db, path = /data/data/com.vkontakte.an droid/databases , key = g`Ytw, flag = 6, file size = 224256
D/SqliteDatabaseCpp( 2082): DB info: path = /data/data/com.vkontakte.android/dat abases , key = g`Ytw, handle: 0x1537408, type: w, r/w: (0,1), mode: truncate, di sk free size: 1725 M
D/SqliteDatabaseCpp( 2082): DB info: close db, path = /data/data/com.vkontakte.a ndroid/databases , key = g`Ytw, handle = 0x1537408, type = w, r/w = (0, 0)
D/SqliteDatabaseCpp( 2082): DB info: open db, path = /data/data/com.vkontakte.an droid/databases , key = g`Ytw, flag = 6, file size = 224256
D/SqliteDatabaseCpp( 2082): DB info: path = /data/data/com.vkontakte.android/dat abases , key = g`Ytw, handle: 0x151fdb0, type: w, r/w: (0,1), mode: truncate, di sk free size: 1725 M
D/SqliteDatabaseCpp( 2082): DB info: close db, path = /data/data/com.vkontakte.a ndroid/databases , key = g`Ytw, handle = 0x151fdb0, type = w, r/w = (0, 0)
D/SqliteDatabaseCpp( 2082): DB info: open db, path = /data/data/com.vkontakte.an droid/databases , key = g`Ytw, flag = 6, file size = 224256
D/SqliteDatabaseCpp( 2082): DB info: path = /data/data/com.vkontakte.android/dat abases , key = g`Ytw, handle: 0x1537408, type: w, r/w: (0,1), mode: truncate, di sk free size: 1725 M
D/SqliteDatabaseCpp( 2082): DB info: close db, path = /data/data/com.vkontakte.a ndroid/databases , key = g`Ytw, handle = 0x1537408, type = w, r/w = (0, 0)
D/SqliteDatabaseCpp( 2082): DB info: open db, path = /data/data/com.vkontakte.an droid/databases , key = g`Ytw, flag = 6, file size = 224256
D/SqliteDatabaseCpp( 2082): DB info: path = /data/data/com.vkontakte.android/dat abases , key = g`Ytw, handle: 0x151fdb0, type: w, r/w: (0,1), mode: truncate, di sk free size: 1725 M
D/SqliteDatabaseCpp( 2082): DB info: close db, path = /data/data/com.vkontakte.a ndroid/databases , key = g`Ytw, handle = 0x151fdb0, type = w, r/w = (0, 0)
D/SqliteDatabaseCpp( 2082): DB info: open db, path = /data/data/com.vkontakte.an droid/databases , key = g`Ytw, flag = 6, file size = 224256
D/SqliteDatabaseCpp( 2082): DB info: path = /data/data/com.vkontakte.android/dat abases , key = g`Ytw, handle: 0x15358b0, type: w, r/w: (0,1), mode: truncate, di sk free size: 1725 M
D/SqliteDatabaseCpp( 2082): DB info: close db, path = /data/data/com.vkontakte.a ndroid/databases , key = g`Ytw, handle = 0x15358b0, type = w, r/w = (0, 0)
D/SqliteDatabaseCpp( 2082): DB info: open db, path = /data/data/com.vkontakte.an droid/databases , key = g`Ytw, flag = 6, file size = 224256
D/SqliteDatabaseCpp( 2082): DB info: path = /data/data/com.vkontakte.android/dat abases , key = g`Ytw, handle: 0x151fdb0, type: w, r/w: (0,1), mode: truncate, di sk free size: 1725 M
D/SqliteDatabaseCpp( 2082): DB info: close db, path = /data/data/com.vkontakte.a ndroid/databases , key = g`Ytw, handle = 0x151fdb0, type = w, r/w = (0, 0)

D/SqliteDatabaseCpp( 2082): DB info: open db, path = /data/data/com.vkontakte.an droid/databases , key = g`Ytw, flag = 6, file size = 224256
D/SqliteDatabaseCpp( 2082): DB info: path = /data/data/com.vkontakte.android/dat abases , key = g`Ytw, handle: 0x15358b0, type: w, r/w: (0,1), mode: truncate, di sk free size: 1725 M
D/SqliteDatabaseCpp( 2082): DB info: close db, path = /data/data/com.vkontakte.a ndroid/databases , key = g`Ytw, handle = 0x15358b0, type = w, r/w = (0, 0)
D/SqliteDatabaseCpp( 2082): DB info: open db, path = /data/data/com.vkontakte.an droid/databases , key = g`Ytw, flag = 6, file size = 224256
D/SqliteDatabaseCpp( 2082): DB info: path = /data/data/com.vkontakte.android/dat abases , key = g`Ytw, handle: 0x1537408, type: w, r/w: (0,1), mode: truncate, di sk free size: 1725 M
D/SqliteDatabaseCpp( 2082): DB info: close db, path = /data/data/com.vkontakte.a ndroid/databases , key = g`Ytw, handle = 0x1537408, type = w, r/w = (0, 0)
D/SqliteDatabaseCpp( 2082): DB info: open db, path = /data/data/com.vkontakte.an droid/databases , key = g`Ytw, flag = 6, file size = 224256
D/SqliteDatabaseCpp( 2082): DB info: path = /data/data/com.vkontakte.android/dat abases , key = g`Ytw, handle: 0x15358b0, type: w, r/w: (0,1), mode: truncate, di sk free size: 1725 M
D/SqliteDatabaseCpp( 2082): DB info: close db, path = /data/data/com.vkontakte.a ndroid/databases , key = g`Ytw, handle = 0x15358b0, type = w, r/w = (0, 0)
D/SqliteDatabaseCpp( 2082): DB info: open db, path = /data/data/com.vkontakte.an droid/databases , key = g`Ytw, flag = 6, file size = 224256
D/SqliteDatabaseCpp( 2082): DB info: path = /data/data/com.vkontakte.android/dat abases , key = g`Ytw, handle: 0x151fdb0, type: w, r/w: (0,1), mode: truncate, di sk free size: 1725 M
D/SqliteDatabaseCpp( 2082): DB info: close db, path = /data/data/com.vkontakte.a ndroid/databases , key = g`Ytw, handle = 0x151fdb0, type = w, r/w = (0, 0)
D/SqliteDatabaseCpp( 2082): DB info: open db, path = /data/data/com.vkontakte.an droid/databases , key = g`Ytw, flag = 6, file size = 224256
D/SqliteDatabaseCpp( 2082): DB info: path = /data/data/com.vkontakte.android/dat abases , key = g`Ytw, handle: 0x15358b0, type: w, r/w: (0,1), mode: truncate, di sk free size: 1725 M
D/SqliteDatabaseCpp( 2082): DB info: close db, path = /data/data/com.vkontakte.a ndroid/databases , key = g`Ytw, handle = 0x15358b0, type = w, r/w = (0, 0)
D/SqliteDatabaseCpp( 2082): DB info: open db, path = /data/data/com.vkontakte.an droid/databases , key = g`Ytw, flag = 6, file size = 224256
D/SqliteDatabaseCpp( 2082): DB info: path = /data/data/com.vkontakte.android/dat abases , key = g`Ytw, handle: 0x1537408, type: w, r/w: (0,1), mode: truncate, di sk free size: 1725 M
D/SqliteDatabaseCpp( 2082): DB info: close db, path = /data/data/com.vkontakte.a ndroid/databases , key = g`Ytw, handle = 0x1537408, type = w, r/w = (0, 0)
D/SqliteDatabaseCpp( 2082): DB info: open db, path = /data/data/com.vkontakte.an droid/databases , key = g`Ytw, flag = 6, file size = 224256
D/SqliteDatabaseCpp( 2082): DB info: path = /data/data/com.vkontakte.android/dat abases , key = g`Ytw, handle: 0x15358b0, type: w, r/w: (0,1), mode: truncate, di sk free size: 1725 M
D/SqliteDatabaseCpp( 2082): DB info: close db, path = /data/data/com.vkontakte.a ndroid/databases , key = g`Ytw, handle = 0x15358b0, type = w, r/w = (0, 0)
D/SqliteDatabaseCpp( 2082): DB info: open db, path = /data/data/com.vkontakte.an droid/databases , key = g`Ytw, flag = 6, file size = 224256
D/SqliteDatabaseCpp( 2082): DB info: path = /data/data/com.vkontakte.android/dat abases , key = g`Ytw, handle: 0x1537408, type: w, r/w: (0,1), mode: truncate, di sk free size: 1725 M
D/SqliteDatabaseCpp( 2082): DB info: close db, path = /data/data/com.vkontakte.a ndroid/databases , key = g`Ytw, handle = 0x1537408, type = w, r/w = (0, 0)
D/dalvikvm( 2082): GC_CONCURRENT freed 2769K, 18% free 13279K/16163K, paused 3ms +8ms
D/SqliteDatabaseCpp( 2082): DB info: open db, path = /data/data/com.vkontakte.an droid/databases , key = g`Ytw, flag = 6, file size = 224256

D/SqliteDatabaseCpp( 2082): DB info: path = /data/data/com.vkontakte.android/dat abases , key = g`Ytw, handle: 0x159eca0, type: w, r/w: (0,1), mode: truncate, di sk free size: 1725 M
D/SqliteDatabaseCpp( 2082): DB info: close db, path = /data/data/com.vkontakte.a ndroid/databases , key = g`Ytw, handle = 0x159eca0, type = w, r/w = (0, 0)
D/vk ( 2082): updated cache 157853767
D/SqliteDatabaseCpp( 2082): DB info: open db, path = /data/data/com.vkontakte.an droid/databases , key = g`Ytw, flag = 6, file size = 224256
D/SqliteDatabaseCpp( 2082): DB info: path = /data/data/com.vkontakte.android/dat abases , key = g`Ytw, handle: 0x15ad120, type: w, r/w: (0,1), mode: truncate, di sk free size: 1724 M
D/SqliteDatabaseCpp( 2082): DB info: close db, path = /data/data/com.vkontakte.a ndroid/databases , key = bvaejdw, handle = 0x1540ae0, type = w, r/w = (0, 0)
D/vk ( 2082): t=933
D/SqliteDatabaseCpp( 2082): DB info: open db, path = /data/data/com.vkontakte.an droid/databases , key = bvaejdw, flag = 6, file size = 41984
D/SqliteDatabaseCpp( 2082): DB info: path = /data/data/com.vkontakte.android/dat abases , key = bvaejdw, handle: 0x1541318, type: w, r/w: (0,1), mode: truncate, disk free size: 1725 M
D/SqliteDatabaseCpp( 2082): DB info: close db, path = /data/data/com.vkontakte.a ndroid/databases , key = bvaejdw, handle = 0x1541318, type = w, r/w = (0, 0)
D/SqliteDatabaseCpp( 2082): DB info: open db, path = /data/data/com.vkontakte.an droid/databases , key = cvkuhw, flag = 6, file size = 10240
D/SqliteDatabaseCpp( 2082): DB info: close db, path = /data/data/com.vkontakte.a ndroid/databases , key = g`Ytw, handle = 0x15ad120, type = w, r/w = (0, 0)
D/SqliteDatabaseCpp( 2082): DB info: path = /data/data/com.vkontakte.android/dat abases , key = cvkuhw, handle: 0x1526830, type: w, r/w: (0,1), mode: truncate, d isk free size: 1725 M
D/vk ( 2082): updated cache 2000000018
D/SqliteDatabaseCpp( 2082): DB info: close db, path = /data/data/com.vkontakte.a ndroid/databases , key = cvkuhw, handle = 0x1526830, type = w, r/w = (0, 0)
D/SqliteDatabaseCpp( 2082): DB info: open db, path = /data/data/com.vkontakte.an droid/databases , key = cvkuhw, flag = 6, file size = 10240
D/SqliteDatabaseCpp( 2082): DB info: path = /data/data/com.vkontakte.android/dat abases , key = cvkuhw, handle: 0x153c658, type: w, r/w: (0,1), mode: truncate, d isk free size: 1725 M
D/SqliteDatabaseCpp( 2082): DB info: close db, path = /data/data/com.vkontakte.a ndroid/databases , key = cvkuhw, handle = 0x153c658, type = w, r/w = (0, 0)
D/WifiStateMachine( 236): fetchRssiAndLinkSpeedNative RSSI = -61
D/MediaProvider( 1995): getDatabaseForUri():2path size:3
D/PhoneStatusBarPolicy( 326): isCdma():false hasService:true mSimState=UNKNOWN gprsState=0 mDataState=0 dataActivity=0 mPhone.htcModemLinkOn:false hspa==true
I/PowerManagerService-JNI( 236): [Stability] PowerManagerService_userActivity J NI pass power key event to PowerManagerService userActivity()
D/AppWidgetHostView( 790): updateAppWidget mInfo = AppWidgetProviderInfo(provid er=ComponentInfo{com.shazam.android/com.shazam.widget.Free4x1})
D/WifiStateMachine( 236): fetchRssiAndLinkSpeedNative RSSI = -62
D/dalvikvm( 2082): GC_CONCURRENT freed 3217K, 20% free 13572K/16867K, paused 5ms +6ms
D/MP-Decision( 748): UP Nw:2.700000 Tw:180 rq:8.000000 seq:216
I/global ( 2082): call createSocket() return a new socket.
I/global ( 2082): call createSocket() return a new socket.
I/global ( 2082): call createSocket() return a new socket.
I/PowerManagerService-JNI( 236): [Stability] PowerManagerService_userActivity J NI pass power key event to PowerManagerService userActivity()
D/MP-Decision( 748): DOWN Ns:2.100000 Ts:270 rq:1.183486 seq:316 (Up time:391)
D/SqliteDatabaseCpp( 2082): DB info: open db, path = /data/data/com.vkontakte.an droid/databases , key = hkwtw, flag = 6, file size = 70656
D/SqliteDatabaseCpp( 2082): DB info: path = /data/data/com.vkontakte.android/dat abases , key = hkwtw, handle: 0x1537408, type: w, r/w: (0,1), mode: truncate, di

sk free size: 1724 M
D/SqliteDatabaseCpp( 2082): DB info: close db, path = /data/data/com.vkontakte.a ndroid/databases , key = hkwtw, handle = 0x1537408, type = w, r/w = (0, 0)
D/SqliteDatabaseCpp( 2082): DB info: open db, path = /data/data/com.vkontakte.an droid/databases , key = hkwtw, flag = 6, file size = 70656
D/SqliteDatabaseCpp( 2082): DB info: path = /data/data/com.vkontakte.android/dat abases , key = hkwtw, handle: 0x153ec40, type: w, r/w: (0,1), mode: truncate, di sk free size: 1724 M
D/SqliteDatabaseCpp( 2082): DB info: close db, path = /data/data/com.vkontakte.a ndroid/databases , key = hkwtw, handle = 0x153ec40, type = w, r/w = (0, 0)
F/libc ( 2082): Fatal signal 11 (SIGSEGV) at 0x00bf001e (code=1)
I/DEBUG (13372): debuggerd: 2012-10-27 14:25:38
I/DEBUG (13372): *** *** *** *** *** *** *** *** *** *** *** *** *** *** *** * **
I/DEBUG (13372): Build fingerprint: 'htc_asia_india/villec2/villec2:4.0.3/IML7 4K/79098.126:user/release-keys'
I/DEBUG (13372): pid: 2082, tid: 2082 >>> com.vkontakte.android <<<
I/DEBUG (13372): signal 11 (SIGSEGV), code 1 (SEGV_MAPERR), fault addr 00bf001 e
I/DEBUG (13372): r0 00bf001e r1 000010cc r2 00000865 r3 000081f0
I/DEBUG (13372): r4 bebd0298 r5 00000865 r6 bebd029c r7 0065006d
I/DEBUG (13372): r8 00000865 r9 00004390 10 bebd0268 fp 40e6de88
I/DEBUG (13372): ip 402edccc sp bebcf138 lr 4017ce07 pc 4017bdd6 cpsr 000 00030
I/DEBUG (13372): d0 0000048044900000 d1 0000018040c00000
I/DEBUG (13372): d2 0000000000030009 d3 0001000100000000
I/DEBUG (13372): d4 00000022000003cf d5 000000a641300000
I/DEBUG (13372): d6 000000ec000003b9 d7 40c0000000000180
I/DEBUG (13372): d8 0000000000000000 d9 4487000000000000
I/DEBUG (13372): d10 0000000000000000 d11 0000000000000000
I/DEBUG (13372): d12 0000000000000000 d13 0000000000000000
I/DEBUG (13372): d14 0000000000000000 d15 0000000000000000
I/DEBUG (13372): d16 000001e7000003b9 d17 0000027700000330
I/DEBUG (13372): d18 00000277000002bc d19 000003120000016a
I/DEBUG (13372): d20 0000031200000283 d21 000003120000032a
I/DEBUG (13372): d22 00000391000003bd d23 00000413000003bd
I/DEBUG (13372): d24 3ff0000000000000 d25 0000000000000000
I/DEBUG (13372): d26 0000000000000000 d27 0000000000000000
I/DEBUG (13372): d28 0100010001000100 d29 0100010001000100
I/DEBUG (13372): d30 ffffffffffffffff d31 ffffffffffffffff
I/DEBUG (13372): scr 60000013
I/DEBUG (13372):
I/DEBUG (13372): #00 pc 00020dd6 /system/lib/libutils.so (_ZNK7andr oid12SharedBuffer10editResizeEj)
I/DEBUG (13372): #01 pc 00021e02 /system/lib/libutils.so (_ZN7andro id8String165setToEPKtj)
I/DEBUG (13372): #02 pc 0007d32c /system/lib/libandroid_runtime.so (_ZN7android18TextLayoutCacheKey16internalTextCopyEv)
I/DEBUG (13372): #03 pc 0007ddae /system/lib/libandroid_runtime.so (_ZN7android15TextLayoutCache8getValueEP7SkPaintPKtiiii)
I/DEBUG (13372):
I/DEBUG (13372): code around pc:
I/DEBUG (13372): 4017bdb4 bf00bd10 4605b570 f7ff4608 4604ffef ....p..F.F..... F
I/DEBUG (13372): 4017bdc4 4628b118 f7ff2100 4620ffc7 bf00bd70 ..(F.!.... Fp.. .
I/DEBUG (13372): 4017bdd4 6803b570 460e4604 d10c2b01 42b16841 p..h.F.F.+..Ah. B
I/DEBUG (13372): 4017bde4 4600bf08 f106d01b 46200110 ed64f7f3 ...F...... F..d .

I/DEBUG (13372): 4017bdf4 6046b108 4630e013 ffd0f7ff b1684605 ..F`..0F.....Fh .
I/DEBUG (13372):
I/DEBUG (13372): code around lr:
I/DEBUG (13372): 4017cde4 bd10601a 0000e61e 0000e612 41f0e92d .`..........-.. A
I/DEBUG (13372): 4017cdf4 460f4606 1c516800 38104615 f7fe0049 .F.F.hQ..F.8I.. .
I/DEBUG (13372): 4017ce04 b910ffe7 000bf06f f100e00c 006a0410 ....o.........j .
I/DEBUG (13372): 4017ce14 46394620 ecc6f7f2 f04f2000 f8240300 F9F..... O...$ .
I/DEBUG (13372): 4017ce24 60343015 81f0e8bd 41f0e92d 46044617 .04`....-..A.F. F
I/DEBUG (13372):
I/DEBUG (13372): memory map around addr 00bf001e:
I/DEBUG (13372): 0000a000-0000b000 /system/bin/app_process
I/DEBUG (13372): (no map for address)
I/DEBUG (13372): 00bf9000-01264000 [heap]
I/DEBUG (13372):
I/DEBUG (13372): stack:
I/DEBUG (13372): bebcf0f8 00000865
I/DEBUG (13372): bebcf0fc 00000000
I/DEBUG (13372): bebcf100 0152dec0 [heap]
I/DEBUG (13372): bebcf104 00000000
I/DEBUG (13372): bebcf108 00000000
I/DEBUG (13372): bebcf10c 0152ded4 [heap]
I/DEBUG (13372): bebcf110 01332458 [heap]
I/DEBUG (13372): bebcf114 40e6de88 /dev/ashmem/dalvik-heap (deleted)
I/DEBUG (13372): bebcf118 00000865
I/DEBUG (13372): bebcf11c 0152ded8 [heap]
I/DEBUG (13372): bebcf120 0152dec0 [heap]
I/DEBUG (13372): bebcf124 00000000
I/DEBUG (13372): bebcf128 40e6de88 /dev/ashmem/dalvik-heap (deleted)
I/DEBUG (13372): bebcf12c 402832b7 /system/lib/libandroid_runtime.so
I/DEBUG (13372): bebcf130 df0027ad
I/DEBUG (13372): bebcf134 00000000
I/DEBUG (13372): #00 bebcf138 bebd0298 [stack]
I/DEBUG (13372): bebcf13c 00000865
I/DEBUG (13372): bebcf140 bebd029c [stack]
I/DEBUG (13372): bebcf144 4017ce07 /system/lib/libutils.so
I/DEBUG (13372): #01 bebcf148 bebd0298 [stack]
I/DEBUG (13372): bebcf14c bebd1358 [stack]
I/DEBUG (13372): bebcf150 00000865
I/DEBUG (13372): bebcf154 bebd0298 [stack]
I/DEBUG (13372): bebcf158 00000865
I/DEBUG (13372): bebcf15c 4028332f /system/lib/libandroid_runtime.so
D/AutoSetting( 4444): service - handleMessage() incoming message, what:50
D/AutoSetting( 4444): service - handleMessage() stop self
D/AutoSetting( 4444): service - onDestroy()
D/AutoSetting( 4444): service - handleMessage() incoming message, what:100
D/AutoSetting( 4444): service - onDestroy() END
D/AutoSetting( 4444): service - handleMessage() quit looper
D/MP-Decision( 748): UP Nw:2.700000 Tw:180 rq:3.000000 seq:198
D/dalvikvm( 790): GC_BEFORE_OOM freed 1920K, 56% free 11006K/24803K, paused 827 ms
D/WifiStateMachine( 236): fetchRssiAndLinkSpeedNative RSSI = -58
D/MP-Decision( 748): DOWN Ns:2.100000 Ts:270 rq:1.000000 seq:295 (Up time:295)
I/qtaguid ( 2082): Failed write_ctrl(u 100) res=-1 errno=22
I/qtaguid ( 2082): Untagging socket 100 failed errno=-22

I/qtaguid ( 2082): Failed write_ctrl(u 105) res=-1 errno=22
I/qtaguid ( 2082): Untagging socket 105 failed errno=-22
I/BootReceiver( 236): Copying /data/tombstones/tombstone_04 to DropBox (SYSTEM_ TOMBSTONE)
I/DEBUG (13372): debuggerd committing suicide to free the zombie!
I/ActivityManager( 236): Process com.vkontakte.android (pid 2082) has died.
W/ActivityManager( 236): Scheduling restart of crashed service com.vkontakte.an droid/.LongPollService in 5000ms
W/ActivityManager( 236): Force removing ActivityRecord{4157f938 com.vkontakte.a ndroid/.MainActivity}: app died, no saved state
W/ActivityManager( 236): handleTopAppChanged(): The previous AP is died unexpec tedly.
D/SensorService( 236): disable: get sensor name = MPL accel
D/Sensors ( 236): handle : 4 en: 0, v010.0 - Try to resolve lock issue
D/Sensors ( 236): lock_status = 4
D/Sensors ( 236): Andy: MPLSensor::enable: lock1
W/MPL-sup ( 236): MLGetAKMComassStatus, gAKMCompassStatus = 0
D/Sensors ( 236): mEnabled = 0x0
D/Sensors ( 236): set_power_states++: enabled_sensors: 0 dmp_started: 1
D/Sensors ( 236): Before if statment: cs:0 rs:0 en_ped:0 da_ped:0 en_g:0 da_g:0
D/Sensors ( 236): Stopping DMP
I/ ( 236): mpu3050_suspend: suspending sensors to 0000
W/InputDispatcher( 236): channel '41c6c728 com.vkontakte.android/com.vkontakte. android.MainActivity (server)' ~ Consumer closed input channel or an error occur red. events=0x8
E/InputDispatcher( 236): channel '41c6c728 com.vkontakte.android/com.vkontakte. android.MainActivity (server)' ~ Channel is unrecoverably broken and will be dis posed!
I/ ( 236): mpu3050_suspend: Will resume next to 0070
D/Sensors ( 236): inside if(s_use_timerirq)
D/Sensors ( 236): set_power_states-D/Sensors ( 236): Andy: MPLSensor::enable: unlock1
D/Sensors ( 236): MPLSensor::enable--1
D/SensorService( 236): SensorDevice::activate--: handle = 0x4, enabled = 0x0
D/SensorService( 236): pid=236, uid=1000
I/DEBUG ( 2235): debuggerd: Jun 26 2012 19:19:25
W/InputDispatcher( 236): Attempted to unregister already unregistered input cha nnel '41c6c728 com.vkontakte.android/com.vkontakte.android.MainActivity (server) '
D/memalloc( 116): ion: Freeing buffer base:0x43ab2000 size:2088960 fd:51
D/memalloc( 116): ion: Unmapping buffer base:0x43ab2000 size:2088960
D/memalloc( 116): ion: Freeing buffer base:0x43e8c000 size:2088960 fd:60
D/memalloc( 116): ion: Unmapping buffer base:0x43e8c000 size:2088960
D/memalloc( 116): ion: Freeing buffer base:0x440ec000 size:2088960 fd:63
D/memalloc( 116): ion: Unmapping buffer base:0x440ec000 size:2088960
D/ConnectivityService( 236): onUidRulesChanged(uid=10054, uidRules=0)
D/ConnectivityService( 236): onUidRulesChanged(uid=9999, uidRules=0)
I/WindowManager( 236): WINDOW DIED Window{41c6c728 com.vkontakte.android/com.vk ontakte.android.MainActivity paused=false}
W/WindowManager( 236): Failed looking up window
W/WindowManager( 236): java.lang.IllegalArgumentException: Requested window and roid.os.BinderProxy@41786a10 does not exist
W/WindowManager( 236): at com.android.server.wm.WindowManagerService.wi ndowForClientLocked(WindowManagerService.java:8073)
W/WindowManager( 236): at com.android.server.wm.WindowManagerService.wi ndowForClientLocked(WindowManagerService.java:8064)
W/WindowManager( 236): at com.android.server.wm.WindowState$DeathRecipi ent.binderDied(WindowState.java:1613)
W/WindowManager( 236): at android.os.BinderProxy.sendDeathNotice(Binder .java:417)

W/WindowManager( 236): at dalvik.system.NativeStart.run(Native Method)
I/WindowManager( 236): WIN DEATH: null
D/CAT ( 420): CatService: Return current sInstance
I/AllAppsCarouselFragment( 790): onResume
D/PendingAddWidgetInfo( 790): PendingAddWidgetInfo: ComponentInfo{com.htc.Frien dStream3DWidget/com.htc.FriendStream3DWidget.FriendChannelWidget} / FriendChanne lWidget
D/PendingAddWidgetInfo( 790): PendingAddWidgetInfo: ComponentInfo{com.htc.Frien dStream3DWidget/com.htc.FriendStream3DWidget.FriendStreamLargeWidget} / FriendSt reamLargeWidget
D/Launcher.Model( 790): updateAppUsageStatCache +
D/Launcher.Model( 790): updateAppUsageStatCache - diff: 4
D/PendingAddWidgetInfo( 790): PendingAddWidgetInfo: ComponentInfo{com.htc.Frien dStream3DWidget/com.htc.FriendStream3DWidget.FriendStreamSmallWidget} / FriendSt reamSmallWidget
D/Zygote ( 117): Process 2082 terminated by signal (11)
D/HostWidgetManager( 790): resumeWidgets: 1 sort: false
D/memalloc( 116): ion: Allocated buffer base:0x43ab2000 size:1044480 fd:43
D/memalloc( 790): ion: Mapped buffer base:0x5a525000 size:1044480 offset:0 fd:8 3
D/MP-Decision( 748): UP Nw:2.700000 Tw:180 rq:5.400000 seq:198
D/memalloc( 116): ion: Allocated buffer base:0x43e8c000 size:1044480 fd:59
D/memalloc( 790): ion: Mapped buffer base:0x5a9e8000 size:1044480 offset:0 fd:9 3
D/skia ( 790): Decode special JPEG file
D/skia ( 790): Decode special JPEG file
D/memalloc( 116): ion: Allocated buffer base:0x4401c000 size:1044480 fd:62
D/memalloc( 790): ion: Mapped buffer base:0x5aae7000 size:1044480 offset:0 fd:1 08
D/memalloc( 116): ion: Allocated buffer base:0x44170000 size:2088960 fd:68
D/memalloc( 790): ion: Mapped buffer base:0x5b4d1000 size:2088960 offset:0 fd:1 18
W/InputManagerService( 236): Got RemoteException sending setActive(false) notif ication to pid 2082 uid 10054
I/InputManagerService( 236): [startInputLocked] Enable input method client.
D/FxStreamingTexture( 790): BasicFuture_get return m_value = android.graphics.B itmap@40dacaa0
D/memalloc( 116): ion: Allocated buffer base:0x447cc000 size:2088960 fd:71
D/memalloc( 790): ion: Mapped buffer base:0x5b8ef000 size:2088960 offset:0 fd:1 95
D/SurfaceComposerClient( 236): SurfaceComposerClient::set3DAnimationAttribute S urfaceID=740
D/SurfaceComposerClient( 236): SurfaceComposerClient::step3DAnimation SurfaceID =740 progress=1.000000
D/SurfaceComposerClient( 236): SurfaceComposerClient::set3DAnimationAttribute S urfaceID=739
D/SurfaceComposerClient( 236): SurfaceComposerClient::step3DAnimation SurfaceID =739 progress=1.000000
D/SurfaceFlinger( 116): [GLAnimation]Attribute: 9231, close, enter
D/SurfaceFlinger( 116): [GLAnimation]Step: 9231, 1.000000
D/SurfaceFlinger( 116): [GLAnimation]Attribute: 9232, close, enter
D/SurfaceFlinger( 116): [GLAnimation]Step: 9232, 1.000000
D/CHTCPluginManager( 116): CHTCPluginManager::setAnimation libzoomTransition.so for 9231
D/CHTCPluginManager( 116): CHTCPluginManager::setAttributes, tag = 9231
D/MLTransition( 116): DoSetAttributes screen size: 540, 960
D/MLTransition( 116): DoSetAttributes1[0] = zoomTransition
D/MLTransition( 116): DoSetAttributes1[1] = close
D/MLTransition( 116): DoSetAttributes1[2] = enter
D/MLTransition( 116): DoSetAttributes1[3] = PORTRAIT

D/MLTransition( 116): DoSetAttributes1[4] = false
D/MLTransition( 116): DoSetAttributes1[5] = 38
D/MLTransition( 116): DoSetAttributes2[0] = 270
D/MLTransition( 116): DoSetAttributes2[1] = 480
D/MLTransition( 116): System Property Color: 0, 160, Position: -1.000000, 1.200 000, 1.500000, Enable: 1
D/CHTCPluginManager( 116): -CHTCPluginManager::setAttributes, tag = 9231
D/MLTransition( 116): MLTransition ResetAnimation
D/CHTCPluginManager( 116): CHTCPluginManager::setAnimation libzoomTransition.so for 9232
D/CHTCPluginManager( 116): CHTCPluginManager::setAttributes, tag = 9232
D/MLTransition( 116): DoSetAttributes screen size: 540, 960
D/MLTransition( 116): DoSetAttributes1[0] = zoomTransition
D/MLTransition( 116): DoSetAttributes1[1] = close
D/MLTransition( 116): DoSetAttributes1[2] = enter
D/MLTransition( 116): DoSetAttributes1[3] = PORTRAIT
D/MLTransition( 116): DoSetAttributes1[4] = true
D/MLTransition( 116): DoSetAttributes1[5] = 38
D/MLTransition( 116): DoSetAttributes2[0] = 270
D/MLTransition( 116): DoSetAttributes2[1] = 480
D/MLTransition( 116): System Property Color: 0, 160, Position: -1.000000, 1.200 000, 1.500000, Enable: 1
D/CHTCPluginManager( 116): -CHTCPluginManager::setAttributes, tag = 9232
D/MLTransition( 116): MLTransition ResetAnimation
D/CHTCPluginManager( 116): CHTCPluginManager::draw, tag = 9231
D/MLTransition( 116): AnimData: 0x100ffd10, m_pAnimData: 0x100ffd10, Texture: 0 x100ffd80, m_pTexture: 0x100ffd80
D/MLTransition( 116): Draw: Progress: 1.000000, Enter: 1, Main: 0, Bottom: 1, A lpha: 255, Texture: 0 0 540 960
D/MLTransition( 116): Regenerate rectangle from 0, 38, 540, 922 0, 0, 540, 922 to 0, 0, 540, 960 38
D/MLTransition( 116): Before access texture...m_pAnimData: 0x100ffd10, m_pTextu re: 0x100ffd80
D/MLTransition( 116): ~After access texture...m_pAnimData: 0x100ffd10, m_pTextu re: 0x100ffd80
D/MLTransition( 116): Texture Ready: 1, ID: 3249, Format: 4, Opaque: 1, Anim al pha: 1.000000
D/SurfaceComposerClient( 236): SurfaceComposerClient::destroy3DAnimation Surfac eID=739
D/SurfaceComposerClient( 236): SurfaceComposerClient::destroy3DAnimation Surfac eID=740
D/SurfaceFlinger( 116): [GLAnimation]Destroy: 9231
D/SurfaceFlinger( 116): [GLAnimation]Destroy: 9232
E/Adreno200-ES20( 790): <process_gl_state_enables:456>: GL_INVALID_ENUM
D/CHTCPluginManager( 116): CHTCPluginManager::setAnimation (null) for 9231
D/CHTCPluginManager( 116): CHTCPluginManager::setAnimation (null) for 9232
E/Adreno200-ES20( 790): <process_gl_state_enables:456>: GL_INVALID_ENUM
E/Adreno200-ES20( 790): <process_gl_state_enables:456>: GL_INVALID_ENUM
E/Adreno200-ES20( 790): <process_gl_state_enables:456>: GL_INVALID_ENUM
D/skia ( 790): Decode special JPEG file
D/dalvikvm( 790): GC_FOR_ALLOC freed 1900K, 54% free 11607K/24803K, paused 48ms
D/skia ( 790): Decode special JPEG file
E/Adreno200-ES20( 790): <process_gl_state_enables:456>: GL_INVALID_ENUM
E/Adreno200-ES20( 790): <process_gl_state_enables:456>: GL_INVALID_ENUM
E/Adreno200-ES20( 790): <process_gl_state_enables:456>: GL_INVALID_ENUM
E/Adreno200-ES20( 790): <process_gl_state_enables:456>: GL_INVALID_ENUM
E/Adreno200-ES20( 790): <process_gl_state_enables:456>: GL_INVALID_ENUM
E/Adreno200-ES20( 790): <process_gl_state_enables:456>: GL_INVALID_ENUM
D/skia ( 790): Decode special JPEG file
D/skia ( 790): Decode special JPEG file

D/dalvikvm( 790): GC_FOR_ALLOC freed 550K, 50% free 12567K/24803K, paused 38ms
D/MP-Decision( 748): DOWN Ns:2.100000 Ts:270 rq:0.000000 seq:326 (Up time:522)
D/WifiStateMachine( 236): fetchRssiAndLinkSpeedNative RSSI = -60
I/PowerManagerService-JNI( 236): [Stability] PowerManagerService_userActivity J NI pass power key event to PowerManagerService userActivity()
I/Rearrange( 790): performRearrange false, size:0
I/Rearrange( 790): performRearrange true, size:0
D/HostWidgetManager( 790): pauseWidgets: 1
D/Rosie.TellHtcHelper( 790): Tell HTC dump - widget_info1=com.shazam.android, a ppwidget, 1, 0, Shazam, 19
D/Rosie.TellHtcHelper( 790): Tell HTC dump - widget_info1=com.shazam.android, a ppwidget, 1, 0, Shazam, 0
D/memalloc( 116): ion: Allocated buffer base:0x44fc4000 size:2088960 fd:79
D/memalloc( 790): ion: Mapped buffer base:0x5b6cf000 size:2088960 offset:0 fd:1 17
I/AppWindowSurface( 790): show 2d surface
D/dalvikvm( 790): GC_CONCURRENT freed 3320K, 50% free 12496K/24803K, paused 3ms +7ms
D/OpenGLRenderer( 790): updateVerticesTiles
D/OpenGLRenderer( 790): updateVerticesTiles
D/OpenGLRenderer( 790): updateVerticesTiles
D/FxWorkspace( 790): shrinkForAllApps, prev mode: 0
D/FxWorkspaceClient( 790): onAllAppsLeapUnshrinkEnd() null
D/FxWorkspaceClient( 790): com.htc.android.rosie.home.fxcontrol.FxWorkspaceClie nt@40ed72f0: attach scene but scene is null
D/FxWorkspaceClient( 790): onAllAppsLeapUnshrinkEnd() null
D/FxWorkspaceClient( 790): com.htc.android.rosie.home.fxcontrol.FxWorkspaceClie nt@40e2fc80: attach scene but scene is null
D/FxWorkspace( 790): hideAllAppsLeapPanels4
D/FxWorkspace( 790): hideFxSurface was false, set to true
D/mode10 ( 790): FxView.setVisibility: 4
D/memalloc( 790): ion: Unmapping buffer base:0x5a525000 size:1044480
D/memalloc( 790): ion: Unmapping buffer base:0x5a9e8000 size:1044480
D/memalloc( 790): ion: Unmapping buffer base:0x5aae7000 size:1044480
D/memalloc( 116): ion: Freeing buffer base:0x43ab2000 size:1044480 fd:43
D/memalloc( 116): ion: Unmapping buffer base:0x43ab2000 size:1044480
D/memalloc( 116): ion: Freeing buffer base:0x4401c000 size:1044480 fd:62
D/memalloc( 116): ion: Unmapping buffer base:0x4401c000 size:1044480
E/msm8660.hwcomposer( 116): invalid gralloc handle (at 0x662308)
D/memalloc( 116): ion: Freeing buffer base:0x43e8c000 size:1044480 fd:59
D/memalloc( 116): ion: Unmapping buffer base:0x43e8c000 size:1044480
D/AppWidgetHostView( 790): updateAppWidget mInfo = AppWidgetProviderInfo(provid er=ComponentInfo{com.shazam.android/com.shazam.widget.Free4x1})
D/FxStreamingTexture( 790): BasicFuture_get return m_value = android.graphics.B itmap@40dacaa0
D/WifiStateMachine( 236): fetchRssiAndLinkSpeedNative RSSI = -60
I/PowerManagerService-JNI( 236): [Stability] PowerManagerService_userActivity J NI pass power key event to PowerManagerService userActivity()
D/WifiStateMachine( 236): fetchRssiAndLinkSpeedNative RSSI = -59
I/PowerManagerService-JNI( 236): [Stability] PowerManagerService_userActivity J NI pass power key event to PowerManagerService userActivity()
D/WifiStateMachine( 236): fetchRssiAndLinkSpeedNative RSSI = -58
I/PowerManagerService-JNI( 236): [Stability] PowerManagerService_userActivity J NI pass power key event to PowerManagerService userActivity()
D/WifiStateMachine( 236): fetchRssiAndLinkSpeedNative RSSI = -58
D/AppWidgetHostView( 790): updateAppWidget mInfo = AppWidgetProviderInfo(provid er=ComponentInfo{com.shazam.android/com.shazam.widget.Free4x1})
D/FxStreamingTexture( 790): BasicFuture_get return m_value = android.graphics.B itmap@40dacaa0
I/PowerManagerService-JNI( 236): [Stability] PowerManagerService_userActivity J

NI pass power key event to PowerManagerService userActivity()
D/WifiStateMachine( 236): fetchRssiAndLinkSpeedNative RSSI = -59
I/PowerManagerService-JNI( 236): [Stability] PowerManagerService_userActivity J NI pass power key event to PowerManagerService userActivity()
D/WifiStateMachine( 236): fetchRssiAndLinkSpeedNative RSSI = -58
I/PowerManagerService-JNI( 236): [Stability] PowerManagerService_userActivity J NI pass power key event to PowerManagerService userActivity()
W/CpuWake ( 236): >>acquireCpuPerfWakeLock!
W/CpuWake ( 236): <<acquireCpuPerfWakeLock!
I/ActivityManager( 236): START intent from pid 790
I/Intent ( 236): @test_code: getHtcIntentFlag: 0 obj: 1092497440
I/AllAppsCarouselFragment( 790): onPause
D/HostWidgetManager( 790): pauseWidgets: 1
D/CAT ( 420): CatService: Return current sInstance
D/SensorService( 236): enable: get sensor name = MPL accel
D/Sensors ( 236): handle : 4 en: 1, v010.0 - Try to resolve lock issue
D/Sensors ( 236): lock_status = 2
D/Sensors ( 236): Andy: MPLSensor::enable: lock1
D/Sensors ( 236): mEnabled = 0x10
D/Sensors ( 236): set_power_states++: enabled_sensors: 16 dmp_started: 0
D/Sensors ( 236): Before if statment: cs:0 rs:1 en_ped:0 da_ped:0 en_g:0 da_g:0
D/Sensors ( 236): STOP timerirq_1
D/ConnectivityService( 236): onUidRulesChanged(uid=10195, uidRules=0)
D/Sensors ( 236): Starting DMP
I/ ( 236): mpu3050_resume: Resuming to 0070
D/Sensors ( 236): Exit: Starting DMP
D/Sensors ( 236): set_power_states-D/Sensors ( 236): Andy: MPLSensor::enable: unlock1
D/Sensors ( 236): MPLSensor::enable--1
D/SensorService( 236): SensorDevice::activate--: handle = 0x4, enabled = 0x1
D/SensorService( 236): pid=236, uid=1000
I/ActivityManager( 236): Config changed: {1.0 250mcc1mnc ru_RU layoutdir=0 sw36 0dp w360dp h566dp nrml long port finger -keyb/v/h -nav/h s.83 skin=default fonts ize=3}
V/MfLog ( 436): BrowseLayerCarouselFragment{40f19208 #0 id=0x36f8056f}, onCon figurationChanged
V/MfLog ( 436): Dialer{40fbf150 #2 id=0x40000001 i0pc7c.BrowseLayerCarouselFr agment.1.PEOPLE_DIALER}, onConfigurationChanged
D/memalloc( 116): ion: Allocated buffer base:0x43e8c000 size:1949696 fd:41
D/memalloc( 1784): ion: Mapped buffer base:0x523bb000 size:1949696 offset:0 fd:5 7
I/InputManagerService( 236): [unbindCurrentClientLocked] Disable input method c lient.
I/InputManagerService( 236): [startInputLocked] Enable input method client.
D/memalloc( 116): ion: Allocated buffer base:0x41e0f000 size:122880 fd:58
D/memalloc( 1784): ion: Mapped buffer base:0x51af0000 size:122880 offset:0 fd:64
D/CarrierLabel( 326): CarrierLabel mIntentReceiver : android.intent.action.CONF IGURATION_CHANGED
D/CarrierLabel( 326): updateResources()
W/CarrierLabel( 326): updateNetworkNameExt: mSimState = UNKNOWN
D/CarrierLabel( 326): updateNetworkName showSpn=true spn=MTS RUS showPlmn=false plmn=MTS
D/WindowManager( 236): Starting rotation animaiton
V/WindowManager( 236): onProposedRotationChanged, rotation changed to 0
V/PhoneStatusBar( 326): setLightsOn(true)
D/OpenGLRenderer( 790): Flushing caches (mode 0)
D/OpenGLRenderer( 790): Flushing caches (mode 1)
W/InputManagerService( 236): Starting input on non-focused client com.android.i nternal.view.IInputMethodClient$Stub$Proxy@40fa15e0 (uid=9999 pid=790)
W/IInputConnectionWrapper( 790): showStatusIcon on inactive InputConnection

W/IInputConnectionWrapper( 790): InputConnection = android.view.inputmethod.Bas eInputConnection@40f5c768, active client = false
D/FxWorkspaceClient( 790): thawAllScreens
D/FxWorkspaceClient( 790): thawAllScreens
D/OpenGLRenderer( 790): Flushing caches (mode 2)
D/ConnectivityService( 236): onUidRulesChanged(uid=9999, uidRules=0)
D/OpenGLRenderer( 790): Flushing caches (mode 0)
D/memalloc( 790): ion: Unmapping buffer base:0x5b4d1000 size:2088960
D/memalloc( 790): ion: Unmapping buffer base:0x5b8ef000 size:2088960
D/memalloc( 790): ion: Unmapping buffer base:0x5b6cf000 size:2088960
D/memalloc( 116): ion: Freeing buffer base:0x447cc000 size:2088960 fd:71
D/memalloc( 116): ion: Unmapping buffer base:0x447cc000 size:2088960
D/memalloc( 116): ion: Freeing buffer base:0x44fc4000 size:2088960 fd:79
D/memalloc( 116): ion: Unmapping buffer base:0x44fc4000 size:2088960
D/memalloc( 116): ion: Freeing buffer base:0x44170000 size:2088960 fd:68
D/memalloc( 116): ion: Unmapping buffer base:0x44170000 size:2088960
D/WindowManager( 236): end of ratation animation
V/MfLog ( 436): BrowseContactsAllFragment{40fea1e8 #1 id=0x40000002 i0pc7c.Br owseLayerCarouselFragment.1.PEOPLE_ALL_PEOPLE}, onConfigurationChanged
V/MfLog ( 436): BrowseGroupsFragment{40e78c28 #3 id=0x40000003 i0pc7c.BrowseL ayerCarouselFragment.1.PEOPLE_GROUP}, onConfigurationChanged
V/MfLog ( 436): BrowseCallHistoryFragment{412f5c48 #4 id=0x40000004 i0pc7c.Br owseLayerCarouselFragment.1.PEOPLE_CALL_HISTORY}, onConfigurationChanged
D/my ( 436): myGC1
D/dalvikvm( 436): GC_EXPLICIT freed 559K, 36% free 10961K/16995K, paused 3ms+17 ms
D/dalvikvm( 1784): GC_CONCURRENT freed 1361K, 24% free 4716K/6179K, paused 4ms+1 9ms
D/MP-Decision( 748): DOWN Ns:2.100000 Ts:270 rq:1.260223 seq:409 (Up time:1522)
D/MP-Decision( 748): DOWN Ns:2.100000 Ts:270 rq:0.899497 seq:608 (Up time:1721)
D/MP-Decision( 748): DOWN Ns:2.100000 Ts:270 rq:1.465116 seq:737 (Up time:1850)
D/dalvikvm( 1784): GC_CONCURRENT freed 1694K, 28% free 4829K/6627K, paused 2ms+8 ms
D/memalloc( 116): ion: Allocated buffer base:0x43ab2000 size:1949696 fd:61
D/memalloc( 1784): ion: Mapped buffer base:0x52597000 size:1949696 offset:0 fd:6 7
D/memalloc( 116): ion: Allocated buffer base:0x44068000 size:1949696 fd:67
D/memalloc( 1784): ion: Mapped buffer base:0x52864000 size:1949696 offset:0 fd:7 0
D/MP-Decision( 748): DOWN Ns:2.100000 Ts:270 rq:1.310078 seq:866 (Up time:1979)
D/MP-Decision( 748): DOWN Ns:2.100000 Ts:270 rq:0.633028 seq:975 (Up time:2088)
D/MP-Decision( 748): DOWN Ns:2.100000 Ts:270 rq:0.400000 seq:1074 (Up time:2187 )
D/MP-Decision( 748): DOWN Ns:2.100000 Ts:270 rq:0.000000 seq:1173 (Up time:2286 )
D/MP-Decision( 748): DOWN Ns:2.100000 Ts:270 rq:0.000000 seq:1272 (Up time:2385 )
W/CpuWake ( 236): >>releaseCpuPerfWakeLock
W/CpuWake ( 236): <<releaseCpuPerfWakeLock
D/MP-Decision( 748): DOWN Ns:2.100000 Ts:270 rq:0.200000 seq:1371 (Up time:2484 )
D/WifiStateMachine( 236): fetchRssiAndLinkSpeedNative RSSI = -59
D/memalloc( 1784): ion: Unmapping buffer base:0x51af0000 size:122880
I/PowerManagerService-JNI( 236): [Stability] PowerManagerService_userActivity J NI pass power key event to PowerManagerService userActivity()
D/memalloc( 116): ion: Freeing buffer base:0x41e0f000 size:122880 fd:58
D/memalloc( 116): ion: Unmapping buffer base:0x41e0f000 size:122880
D/CAT ( 420): CatService: Return current sInstance
D/memalloc( 116): ion: Allocated buffer base:0x4247f000 size:409600 fd:58
D/memalloc( 1784): ion: Mapped buffer base:0x51af0000 size:409600 offset:0 fd:58

D/AppWidgetHostView( 790): updateAppWidget mInfo = AppWidgetProviderInfo(provid er=ComponentInfo{com.shazam.android/com.shazam.widget.Free4x1})
D/memalloc( 116): ion: Allocated buffer base:0x42515000 size:409600 fd:70
D/memalloc( 1784): ion: Mapped buffer base:0x521df000 size:409600 offset:0 fd:73
D/memalloc( 116): ion: Allocated buffer base:0x42986000 size:409600 fd:73
D/memalloc( 1784): ion: Mapped buffer base:0x52773000 size:409600 offset:0 fd:76
D/dalvikvm( 236): GC_EXPLICIT freed 3535K, 49% free 15789K/30563K, paused 9ms+1 0ms
D/PhoneStatusBarPolicy( 326): isCdma():false hasService:true mSimState=UNKNOWN gprsState=0 mDataState=0 dataActivity=0 mPhone.htcModemLinkOn:false hspa==true
I/PowerManagerService-JNI( 236): [Stability] PowerManagerService_userActivity J NI pass power key event to PowerManagerService userActivity()
D/WifiStateMachine( 236): fetchRssiAndLinkSpeedNative RSSI = -57

Вам также может понравиться