EGL_BAD_ATTRIBUTE
06-07 19:41:30.274 11475 11551 W Adreno-EGL: <qeglDrvAPI_eglGetConfigAttrib:607>:
EGL_BAD_ATTRIBUTE
06-07 19:41:30.275 11475 11551 D vndksupport: Loading
/vendor/lib/hw/gralloc.msm8974.so from current namespace instead of sphal
namespace.
06-07 19:41:30.297 11475 11551 D vndksupport: Loading
/vendor/lib/hw/android.hardware.graphics.mapper@2.0-impl.so from current namespace
instead of sphal namespace.
06-07 19:41:30.299 11475 11551 D vndksupport: Loading
/vendor/lib/hw/gralloc.msm8974.so from current namespace instead of sphal
namespace.
06-07 19:41:32.115 478 478 W WindowManager: removeWindowToken: Attempted to
remove non-existing token: android.os.Binder@65f1b2a
06-07 19:41:32.116 478 478 I ActivityManager: Killing
11475:com.topjohnwu.magisk/u0a100 (adj 900): empty #1
06-07 19:41:32.126 478 515 W system_server: kill(-11475, 9) failed: No such
process
06-07 19:41:32.136 478 3654 I WindowManager: WIN DEATH: Window{561dff7 u0 Toast
EXITING}
06-07 19:41:32.149 478 535 W ActivityManager: setHasOverlayUi called on unknown
pid: 11475
06-07 19:41:32.172 478 515 W system_server: kill(-11475, 9) failed: No such
process
06-07 19:41:32.172 478 515 I system_server: Successfully killed process cgroup
uid 10100 pid 11475 in 46ms
06-07 19:41:33.661 7013 11106 I System.out:
tmp:/data/user/0/ru.aPtVoqhB.rZJwBnguE/app_tmp
06-07 19:41:33.661 7013 11106 I System.out:
add:/data/user/0/ru.aPtVoqhB.rZJwBnguE/app_tmp/classes.dex
06-07 19:41:33.664 7013 11576 I System.out: Block root thread1
06-07 19:41:33.664 7013 11576 I System.out: UNBlock root thread N1
06-07 19:41:33.668 7013 11576 I System.out: Input a string within 3 minuten:
06-07 19:41:33.679 478 3586 E Sensors : Acc old sensor_state 0, new sensor_state
: 1 en : 1
06-07 19:41:33.735 7013 7045 W Adreno-EGL: <qeglDrvAPI_eglGetConfigAttrib:607>:
EGL_BAD_ATTRIBUTE
06-07 19:41:33.736 7013 7045 D vndksupport: Loading
/vendor/lib/hw/gralloc.msm8974.so from current namespace instead of sphal
namespace.
06-07 19:41:33.774 11580 11580 I /system/bin/dalvikvm32: setting boot class path to
/system/framework/org.dirtyunicorns.utils.jar:/system/framework/core-
oj.jar:/system/framework/core-
libart.jar:/system/framework/conscrypt.jar:/system/framework/okhttp.jar:/system/fra
mework/bouncycastle.jar:/system/framework/apache-xml.jar:/system/framework/legacy-
test.jar:/system/framework/ext.jar:/system/framework/framework.jar:/system/framewor
k/telephony-common.jar:/system/framework/voip-common.jar:/system/framework/ims-
common.jar:/system/framework/org.apache.http.legacy.boot.jar:/system/framework/andr
oid.hidl.base-V1.0-java.jar:/system/framework/android.hidl.manager-V1.0-java.jar
06-07 19:41:33.775 11580 11580 W /system/bin/dalvikvm32: Could not reserve sentinel
fault page
06-07 19:41:39.887 478 497 I ActivityManager: Killing
11149:com.google.android.gms/u0a21 (adj 900): empty #1
06-07 19:41:39.890 478 515 W system_server: kill(-11149, 9) failed: No such
process
06-07 19:41:39.934 478 515 I chatty : uid=1000(system) ActivityManager
identical 1 line
06-07 19:41:39.978 478 515 W system_server: kill(-11149, 9) failed: No such
process
06-07 19:41:39.978 478 515 I system_server: Successfully killed process cgroup
uid 10021 pid 11149 in 88ms
06-07 19:41:42.011 11674 11674 W dex2oat : Using default instruction set features
for ARM CPU variant (default) using conservative defaults
06-07 19:41:42.015 11674 11674 I dex2oat : dex2oat --dex-
file=/data/tmp/1111111111111111111111111111111111111111111111111/base.apk --oat-
file=/data/user/0/ru.aPtVoqhB.rZJwBnguE/app_tmp/base.odex --compiler-filter=speed
06-07 19:41:42.019 11674 11674 W dex2oat : Could not reserve sentinel fault page
06-07 19:41:42.255 11674 11674 E dex2oat : Failed to open dex file from oat file.
File: /data/tmp/1111111111111111111111111111111111111111111111111/base.apk Error:
Failure to verify dex file
'/data/tmp/1111111111111111111111111111111111111111111111111/base.apk': Overflow in
range for insns size: 9f9a8 for 1968768266@2
06-07 19:41:42.267 11674 11674 I dex2oat : dex2oat took 256.219ms (151.063ms cpu)
(threads: 4)
06-07 19:41:43.324 11580 11580 I /system/bin/dalvikvm32: System.exit called,
status: 0
06-07 19:41:43.365 7013 11576 I System.out: you have entered: SU Java-Code
Running! javaroot.utils.fixPatchedFiles
06-07 19:41:43.365 7013 11576 I System.out: tools
read:/data/user/0/ru.aPtVoqhB.rZJwBnguE/files/busybox
06-07 19:41:43.365 7013 11576 I System.out: Lucky Patcher found utils.
06-07 19:41:43.365 7013 11576 I System.out: tools
read:/data/user/0/ru.aPtVoqhB.rZJwBnguE/files/busybox
06-07 19:41:43.365 7013 11576 I System.out: Lucky Patcher found utils.
06-07 19:41:43.365 7013 11576 I System.out: Fix-Patched-Files Running!
06-07 19:41:43.366 7013 11576 I System.out: recursive mount /data
06-07 19:41:43.366 7013 11576 I System.out: Run command remount:mount -o
remount,rw /dev/block/platform/msm_sdcc.1/by-name/userdata /data
06-07 19:41:43.366 7013 11576 I System.out: recursive mount /data
06-07 19:41:43.366 7013 11576 I System.out: recursive mount /data
06-07 19:41:43.366 7013 11576 I System.out: [errors=continue, relatime, seclabel,
commit=20, noauto_da_alloc, data=ordered), (rw] AND rw
06-07 19:41:43.366 7013 11576 I System.out: Lucky Patcher: remount
/data/app/com.grarak.kerneladiutor-w-N01LLzU9bOImeZkhclFw==/base.apk to RW
06-07 19:41:43.366 7013 11576 I System.out:
/data/user/0/ru.aPtVoqhB.rZJwBnguE/app_tmp/classes.dex
06-07 19:41:43.366 7013 11576 I System.out: Start under Root
06-07 19:41:43.366 7013 11576 I System.out: /arm to dalvik cache found
06-07 19:41:43.366 7013 11576 I System.out: check
/data/app/com.grarak.kerneladiutor-w-N01LLzU9bOImeZkhclFw==/oat/arm
06-07 19:41:43.366 7013 11576 I System.out: Start under Root
06-07 19:41:43.366 7013 11576 I System.out: /arm to dalvik cache found
06-07 19:41:43.366 7013 11576 I System.out: check
/data/app/com.grarak.kerneladiutor-w-N01LLzU9bOImeZkhclFw==/oat/arm
06-07 19:41:43.366 7013 11576 I System.out: dalvikfile:
data@app@com.grarak.kerneladiutor-w-N01LLzU9bOImeZkhclFw==@base.apk@classes.dex
06-07 19:41:43.366 7013 11576 I System.out: dalvikfile:
data@app@com.grarak.kerneladiutor-w-N01LLzU9bOImeZkhclFw==@base.apk@classes.dex
06-07 19:41:43.366 7013 11576 I System.out: dex-opt-art
06-07 19:41:43.366 7013 11576 I System.out: Try create tmp.
06-07 19:41:43.366 7013 11576 I System.out: Dir delta created.
06-07 19:41:43.366 7013 11576 I System.out: Path to create zip:
/data/tmp/1111111111111111111111111111111111111111111111111/base.apk
06-07 19:41:43.366 7013 11576 I System.out: Path to origin zip:
/data/app/com.grarak.kerneladiutor-w-N01LLzU9bOImeZkhclFw==/base.apk
06-07 19:41:43.366 7013 11576 I System.out: apk found and copy created apk size
1250879
06-07 19:41:43.366 7013 11576 I System.out: try create oat with dex2oat:
06-07 19:41:43.366 7013 11576 I System.out:
rebuild_apk:/data/tmp/1111111111111111111111111111111111111111111111111/base.apk
06-07 19:41:43.366 7013 11576 I System.out:
oatFile:/data/user/0/ru.aPtVoqhB.rZJwBnguE/app_tmp/base.odex
06-07 19:41:43.366 7013 11576 I System.out: instructions:arm
06-07 19:41:43.366 7013 11576 I System.out:
06-07 19:41:43.366 7013 11576 I System.out: end
06-07 19:41:43.366 7013 11576 I System.out: chelpus_return_2
06-07 19:41:43.367 7013 11576 I System.out: LuckyApcther root errors: killall:
dalvikvm: no process killed
06-07 19:41:43.367 7013 11576 I System.out: LuckyPatcher: exit root.
06-07 19:41:43.368 7013 11106 I System.out: com.grarak.kerneladiutor
06-07 19:41:43.379 7013 11724 I System.out: Block root thread1
06-07 19:41:43.379 7013 11724 I System.out: LuckyPatcher: GET ROOT.
06-07 19:41:43.388 7013 11724 I System.out: UNBlock root thread N1
06-07 19:41:43.411 7013 11724 I System.out: Input a string within 3 minuten:
06-07 19:41:43.478 333 333 D SurfaceFlinger: duplicate layer name: changing
ru.aPtVoqhB.rZJwBnguE/ru.aPtVoqhB.rZJwBnguE.MainActivityOriginal to
ru.aPtVoqhB.rZJwBnguE/ru.aPtVoqhB.rZJwBnguE.MainActivityOriginal#1
06-07 19:41:43.493 7013 7045 W Adreno-EGL: <qeglDrvAPI_eglGetConfigAttrib:607>:
EGL_BAD_ATTRIBUTE
06-07 19:41:43.500 7013 7045 D vndksupport: Loading
/vendor/lib/hw/gralloc.msm8974.so from current namespace instead of sphal
namespace.
06-07 19:41:43.532 7013 7045 W Adreno-EGL: <qeglDrvAPI_eglGetConfigAttrib:607>:
EGL_BAD_ATTRIBUTE
06-07 19:41:43.534 7013 7045 D vndksupport: Loading
/vendor/lib/hw/gralloc.msm8974.so from current namespace instead of sphal
namespace.
06-07 19:41:43.630 7013 11724 I System.out: you have entered: 11741 root 4268
S grep com.grarak.kerneladiutor
06-07 19:41:43.630 7013 11106 I System.out: *11741*
06-07 19:41:43.630 7013 11106 I System.out: Found pid: 11741 for
com.grarak.kerneladiutor
06-07 19:41:43.630 7013 11106 I System.out: Kill: 11741 for
com.grarak.kerneladiutor
06-07 19:41:43.635 7013 11742 I System.out: Block root thread1
06-07 19:41:43.635 7013 11742 I System.out: UNBlock root thread N1
06-07 19:41:43.637 7013 11742 I System.out: Input a string within 3 minuten:
06-07 19:41:43.637 7013 11742 I System.out: you have entered:
06-07 19:41:43.637 7013 11742 I System.out: LuckyApcther root errors:
/system/bin/sh: <stdin>[4]: kill: 11741: No such process
06-07 19:41:43.641 7013 11744 I System.out: Block root thread1
06-07 19:41:43.641 7013 11744 I System.out: UNBlock root thread N1
06-07 19:41:43.642 7013 11744 I System.out: Input a string within 3 minuten:
06-07 19:41:43.742 478 3592 I ActivityManager: Force stopping
com.grarak.kerneladiutor appid=10114 user=0: from pid 11747
06-07 19:41:43.760 1006 1006 D CarrierSvcBindHelper: No carrier app for: 0
06-07 19:41:43.765 7013 11744 I System.out: you have entered:
06-07 19:41:43.767 7013 11750 I System.out: Block root thread1
06-07 19:41:43.768 7013 11750 I System.out: UNBlock root thread N1
06-07 19:41:43.769 7013 11750 I System.out: Input a string within 3 minuten:
06-07 19:41:43.860 478 497 W ActivityManager: Invalid packageName:
com.grarak.kerneladiutor
06-07 19:41:43.865 7013 11750 I System.out: you have entered:
06-07 19:41:43.866 7013 11106 I System.out: com.grarak.kerneladiutor
06-07 19:41:43.868 7013 11755 I System.out: Block root thread1
06-07 19:41:43.868 7013 11755 I System.out: UNBlock root thread N1
06-07 19:41:43.871 7013 11755 I System.out: Input a string within 3 minuten:
06-07 19:41:43.934 7013 11755 I System.out: you have entered: 11757 root 4268
S grep com.grarak.kerneladiutor
06-07 19:41:43.935 7013 11106 I System.out: *11757*
06-07 19:41:43.935 7013 11106 I System.out: Found pid: 11757 for
com.grarak.kerneladiutor
06-07 19:41:43.935 7013 11106 I System.out: Kill: 11757 for
com.grarak.kerneladiutor
06-07 19:41:43.937 7013 11759 I System.out: Block root thread1
06-07 19:41:43.937 7013 11759 I System.out: UNBlock root thread N1
06-07 19:41:43.939 7013 11759 I System.out: Input a string within 3 minuten:
06-07 19:41:43.939 7013 11759 I System.out: you have entered:
06-07 19:41:43.939 7013 11759 I System.out: LuckyApcther root errors:
/system/bin/sh: <stdin>[16]: kill: 11757: No such process
06-07 19:41:43.941 7013 11761 I System.out: Block root thread1
06-07 19:41:43.941 7013 11761 I System.out: UNBlock root thread N1
06-07 19:41:43.942 7013 11761 I System.out: Input a string within 3 minuten:
06-07 19:41:44.010 478 3654 I ActivityManager: Force stopping
com.grarak.kerneladiutor appid=10114 user=0: from pid 11764
06-07 19:41:44.015 7013 11761 I System.out: you have entered:
06-07 19:41:44.018 7013 11766 I System.out: Block root thread1
06-07 19:41:44.018 7013 11766 I System.out: UNBlock root thread N1
06-07 19:41:44.020 7013 11766 I System.out: Input a string within 3 minuten:
06-07 19:41:44.023 1006 1006 D CarrierSvcBindHelper: No carrier app for: 0
06-07 19:41:44.069 478 1110 W ActivityManager: Invalid packageName:
com.grarak.kerneladiutor
06-07 19:41:44.072 7013 11766 I System.out: you have entered:
06-07 19:41:44.076 11106 11106 I Thread-188: type=1400 audit(0.0:3097): avc: denied
{ unlink } for name="base.vdex" dev="mmcblk0p26" ino=526517
scontext=u:r:untrusted_app:s0:c512,c768 tcontext=u:object_r:app_data_file:s0
tclass=file permissive=1
06-07 19:41:44.076 11106 11106 W Thread-188: type=1300 audit(0.0:3097):
arch=40000028 syscall=328 per=800008 success=yes exit=0 a0=ffffff9c a1=8ec125b0
a2=0 a3=8cd7f578 items=2 ppid=314 ppcomm=main auid=4294967295 uid=10122 gid=10122
euid=10122 suid=10122 fsuid=10122 egid=10122 sgid=10122 fsgid=10122 tty=(none)
ses=4294967295 exe="/system/bin/app_process32" subj=u:r:untrusted_app:s0:c512,c768
key=(null)
06-07 19:41:44.076 541 541 W auditd : type=1307 audit(0.0:3097): cwd="/"
06-07 19:41:44.076 541 541 W auditd : type=1302 audit(0.0:3097): item=0
name="/data/user/0/ru.aPtVoqhB.rZJwBnguE/app_tmp/" inode=532502 dev=b3:1a
mode=040777 ouid=0 ogid=0 rdev=00:00 obj=u:object_r:app_data_file:s0:c512,c768
06-07 19:41:44.076 541 541 W auditd : type=1302 audit(0.0:3097): item=1
name="/data/user/0/ru.aPtVoqhB.rZJwBnguE/app_tmp/base.vdex" inode=526517 dev=b3:1a
mode=0100644 ouid=0 ogid=0 rdev=00:00 obj=u:object_r:app_data_file:s0
06-07 19:41:44.076 541 541 W auditd : type=1327 audit(0.0:3097):
proctitle="ru.aPtVoqhB.rZJwBnguE"
06-07 19:41:44.076 541 541 W auditd : type=1320 audit(0.0:3097):
06-07 19:41:44.110 7013 7013 I System.out: LP test cp log:
06-07 19:41:44.110 7013 7013 I System.out: KERNEL ADIUTOR 0.9.x
06-07 19:41:44.110 7013 7013 I System.out: Donate Version Patch v3
06-07 19:41:44.110 7013 7013 I System.out: Removes the ad.
06-07 19:41:44.110 7013 7013 I System.out: by grubbas
06-07 19:41:44.110 7013 7013 I System.out: Tested with Kernel Adiutor 0.9.4 -
0.9.6.3
06-07 19:41:44.110 7013 7013 I System.out: ---------------------------------
06-07 19:41:44.110 7013 7013 I System.out: Patch for classes.dex:
06-07 19:41:44.110 7013 7013 I System.out: ---------------------------------
06-07 19:41:44.110 7013 7013 I System.out:
06-07 19:41:44.111 7013 7013 I System.out: Pattern N1:
06-07 19:41:44.111 7013 7013 I System.out: Error LP: Pattern not found,
06-07 19:41:44.111 7013 7013 I System.out: or patch is already applied.
06-07 19:41:44.111 7013 7013 I System.out:
06-07 19:41:44.111 7013 7013 I System.out: SU Java-Code Running!
javaroot.utils.custompatch
06-07 19:41:44.111 7013 7013 I System.out: Custom patch is not available for this
version of the program, or the program has already been patched.
06-07 19:41:44.111 7013 7013 I System.out:
06-07 19:41:44.111 7013 7013 I System.out:
****************************************
06-07 19:41:44.111 7013 7013 I System.out: Run next custom patch:
06-07 19:41:44.111 7013 7013 I System.out:
****************************************
06-07 19:41:44.111 7013 7013 I System.out:
06-07 19:41:44.112 7013 7013 I System.out: Unlock premium 0.9.11.1+
06-07 19:41:44.112 7013 7013 I System.out: by dumbasPL
06-07 19:41:44.112 7013 7013 I System.out: discord: dumbasPL#4282
06-07 19:41:44.112 7013 7013 I System.out:
06-07 19:41:44.112 7013 7013 I System.out: ---------------------------------
06-07 19:41:44.112 7013 7013 I System.out: Patch for classes.dex:
06-07 19:41:44.112 7013 7013 I System.out: ---------------------------------
06-07 19:41:44.112 7013 7013 I System.out:
06-07 19:41:44.112 7013 7013 I System.out: Pattern N1: Patch complete!
06-07 19:41:44.112 7013 7013 I System.out: (Offset: 19db08)
06-07 19:41:44.112 7013 7013 I System.out:
06-07 19:41:44.112 7013 7013 I System.out:
06-07 19:41:44.112 7013 7013 I System.out: enjoy
06-07 19:41:44.113 7013 7013 I System.out: if patch failed contact me on discord
if you want it to be updated
06-07 19:41:44.113 7013 7013 I System.out:
06-07 19:41:44.113 7013 7013 I System.out:
06-07 19:41:44.113 7013 7013 I System.out:
****************************************
06-07 19:41:44.113 7013 7013 I System.out: Run next custom patch:
06-07 19:41:44.113 7013 7013 I System.out:
****************************************
06-07 19:41:44.113 7013 7013 I System.out:
06-07 19:41:44.113 7013 7013 I System.out: KERNEL ADIUTOR
06-07 19:41:44.113 7013 7013 I System.out: ENABLE DONATE FEATURES
06-07 19:41:44.113 7013 7013 I System.out: Tested with Kernel Adiutor 0.9.10.6
06-07 19:41:44.113 7013 7013 I System.out: by grubbas
06-07 19:41:44.114 7013 7013 I System.out: ---------------------------------
06-07 19:41:44.114 7013 7013 I System.out: Patch for classes.dex:
06-07 19:41:44.114 7013 7013 I System.out: ---------------------------------
06-07 19:41:44.114 7013 7013 I System.out:
06-07 19:41:44.114 7013 7013 I System.out: Bytes by search N1:
06-07 19:41:44.114 7013 7013 I System.out: Error LP: Bytes not found!
06-07 19:41:44.114 7013 7013 I System.out: Pattern N1: Patch complete!
06-07 19:41:44.114 7013 7013 I System.out: (Offset: 16214)
06-07 19:41:44.114 7013 7013 I System.out:
06-07 19:41:44.114 7013 7013 I System.out: Pattern N1: Patch complete!
06-07 19:41:44.114 7013 7013 I System.out: (Offset: 165e8)
06-07 19:41:44.114 7013 7013 I System.out:
06-07 19:41:44.114 7013 7013 I System.out: Pattern N1: Patch complete!
06-07 19:41:44.114 7013 7013 I System.out: (Offset: 169cc)
06-07 19:41:44.114 7013 7013 I System.out:
06-07 19:41:44.114 7013 7013 I System.out: Pattern N1: Patch complete!
06-07 19:41:44.114 7013 7013 I System.out: (Offset: 16d90)
06-07 19:41:44.114 7013 7013 I System.out:
06-07 19:41:44.114 7013 7013 I System.out: Pattern N1: Patch complete!
06-07 19:41:44.114 7013 7013 I System.out: (Offset: 17184)
06-07 19:41:44.114 7013 7013 I System.out:
06-07 19:41:44.114 7013 7013 I System.out: Pattern N1: Patch complete!
06-07 19:41:44.114 7013 7013 I System.out: (Offset: 17578)
06-07 19:41:44.114 7013 7013 I System.out:
06-07 19:41:44.114 7013 7013 I System.out: Pattern N1: Patch complete!
06-07 19:41:44.114 7013 7013 I System.out: (Offset: 17970)
06-07 19:41:44.114 7013 7013 I System.out:
06-07 19:41:44.114 7013 7013 I System.out: Pattern N1: Patch complete!
06-07 19:41:44.114 7013 7013 I System.out: (Offset: 18078)
06-07 19:41:44.114 7013 7013 I System.out:
06-07 19:41:44.114 7013 7013 I System.out: Pattern N1: Patch complete!
06-07 19:41:44.115 7013 7013 I System.out: (Offset: 18400)
06-07 19:41:44.115 7013 7013 I System.out:
06-07 19:41:44.115 7013 7013 I System.out: Pattern N1: Patch complete!
06-07 19:41:44.115 7013 7013 I System.out: (Offset: 187f0)
06-07 19:41:44.115 7013 7013 I System.out:
06-07 19:41:44.115 7013 7013 I System.out: Pattern N1: Patch complete!
06-07 19:41:44.115 7013 7013 I System.out: (Offset: 18bf0)
06-07 19:41:44.115 7013 7013 I System.out:
06-07 19:41:44.115 7013 7013 I System.out: Pattern N1: Patch complete!
06-07 19:41:44.115 7013 7013 I System.out: (Offset: 18fe4)
06-07 19:41:44.115 7013 7013 I System.out:
06-07 19:41:44.115 7013 7013 I System.out: Pattern N1: Patch complete!
06-07 19:41:44.115 7013 7013 I System.out: (Offset: 193e4)
06-07 19:41:44.115 7013 7013 I System.out:
06-07 19:41:44.115 7013 7013 I System.out: Pattern N1: Patch complete!
06-07 19:41:44.115 7013 7013 I System.out: (Offset: 1974c)
06-07 19:41:44.115 7013 7013 I System.out:
06-07 19:41:44.115 7013 7013 I System.out: Pattern N1: Patch complete!
06-07 19:41:44.115 7013 7013 I System.out: (Offset: 19a9c)
06-07 19:41:44.115 7013 7013 I System.out:
06-07 19:41:44.115 7013 7013 I System.out: Pattern N1: Patch complete!
06-07 19:41:44.115 7013 7013 I System.out: (Offset: 19d54)
06-07 19:41:44.115 7013 7013 I System.out:
06-07 19:41:44.115 7013 7013 I System.out: Pattern N1: Patch complete!
06-07 19:41:44.115 7013 7013 I System.out: (Offset: 19f18)
06-07 19:41:44.115 7013 7013 I System.out:
06-07 19:41:44.115 7013 7013 I System.out: Pattern N1: Patch complete!
06-07 19:41:44.115 7013 7013 I System.out: (Offset: 1a01c)
06-07 19:41:44.115 7013 7013 I System.out:
06-07 19:41:44.115 7013 7013 I System.out: Pattern N1: Patch complete!
06-07 19:41:44.115 7013 7013 I System.out: (Offset: 1a124)
06-07 19:41:44.115 7013 7013 I System.out:
06-07 19:41:44.115 7013 7013 I System.out: Pattern N1: Patch complete!
06-07 19:41:44.115 7013 7013 I System.out: (Offset: 1aa30)
06-07 19:41:44.115 7013 7013 I System.out:
06-07 19:41:44.116 7013 7013 I System.out: Pattern N1: Patch complete!
06-07 19:41:44.116 7013 7013 I System.out: (Offset: 1bf40)
06-07 19:41:44.116 7013 7013 I System.out:
06-07 19:41:44.116 7013 7013 I System.out: Pattern N1: Patch complete!
06-07 19:41:44.116 7013 7013 I System.out: (Offset: 1bf4c)
06-07 19:41:44.116 7013 7013 I System.out:
06-07 19:41:44.116 7013 7013 I System.out: Pattern N1: Patch complete!
06-07 19:41:44.116 7013 7013 I System.out: (Offset: 1d0ec)
06-07 19:41:44.116 7013 7013 I System.out:
06-07 19:41:44.116 7013 7013 I System.out: Pattern N1: Patch complete!
06-07 19:41:44.116 7013 7013 I System.out: (Offset: 25c20)
06-07 19:41:44.116 7013 7013 I System.out:
06-07 19:41:44.116 7013 7013 I System.out: Pattern N1: Patch complete!
06-07 19:41:44.116 7013 7013 I System.out: (Offset: 25c2c)
06-07 19:41:44.116 7013 7013 I System.out:
06-07 19:41:44.116 7013 7013 I System.out: Pattern N1: Patch complete!
06-07 19:41:44.116 7013 7013 I System.out: (Offset: 278c4)
06-07 19:41:44.116 7013 7013 I System.out:
06-07 19:41:44.116 7013 7013 I System.out: Pattern N1: Patch complete!
06-07 19:41:44.116 7013 7013 I System.out: (Offset: 27b9c)
06-07 19:41:44.116 7013 7013 I System.out:
06-07 19:41:44.116 7013 7013 I System.out: Pattern N1: Patch complete!
06-07 19:41:44.116 7013 7013 I System.out: (Offset: 292ac)
06-07 19:41:44.116 7013 7013 I System.out:
06-07 19:41:44.116 7013 7013 I System.out: Pattern N1: Patch complete!
06-07 19:41:44.116 7013 7013 I System.out: (Offset: 29a24)
06-07 19:41:44.116 7013 7013 I System.out:
06-07 19:41:44.116 7013 7013 I System.out: Pattern N1: Patch complete!
06-07 19:41:44.116 7013 7013 I System.out: (Offset: 29a2c)
06-07 19:41:44.116 7013 7013 I System.out:
06-07 19:41:44.116 7013 7013 I System.out: Pattern N1: Patch complete!
06-07 19:41:44.116 7013 7013 I System.out: (Offset: 29d0c)
06-07 19:41:44.116 7013 7013 I System.out:
06-07 19:41:44.116 7013 7013 I System.out: Pattern N1: Patch complete!
06-07 19:41:44.116 7013 7013 I System.out: (Offset: 29f2c)
06-07 19:41:44.117 7013 7013 I System.out:
06-07 19:41:44.117 7013 7013 I System.out: Pattern N1: Patch complete!
06-07 19:41:44.117 7013 7013 I System.out: (Offset: 2aaa4)
06-07 19:41:44.117 7013 7013 I System.out:
06-07 19:41:44.117 7013 7013 I System.out: Pattern N1: Patch complete!
06-07 19:41:44.117 7013 7013 I System.out: (Offset: 2adb4)
06-07 19:41:44.117 7013 7013 I System.out:
06-07 19:41:44.117 7013 7013 I System.out: Pattern N1: Patch complete!
06-07 19:41:44.117 7013 7013 I System.out: (Offset: 2b4dc)
06-07 19:41:44.117 7013 7013 I System.out:
06-07 19:41:44.117 7013 7013 I System.out: Pattern N1: Patch complete!
06-07 19:41:44.117 7013 7013 I System.out: (Offset: 2cd5c)
06-07 19:41:44.117 7013 7013 I System.out:
06-07 19:41:44.117 7013 7013 I System.out: Pattern N1: Patch complete!
06-07 19:41:44.117 7013 7013 I System.out: (Offset: 3053c)
06-07 19:41:44.117 7013 7013 I System.out:
06-07 19:41:44.117 7013 7013 I System.out: Pattern N1: Patch complete!
06-07 19:41:44.117 7013 7013 I System.out: (Offset: 30724)
06-07 19:41:44.117 7013 7013 I System.out:
06-07 19:41:44.117 7013 7013 I System.out: Pattern N1: Patch complete!
06-07 19:41:44.117 7013 7013 I System.out: (Offset: 3097c)
06-07 19:41:44.117 7013 7013 I System.out:
06-07 19:41:44.117 7013 7013 I System.out: Pattern N1: Patch complete!
06-07 19:41:44.117 7013 7013 I System.out: (Offset: 313e4)
06-07 19:41:44.117 7013 7013 I System.out:
06-07 19:41:44.117 7013 7013 I System.out: Pattern N1: Patch complete!
06-07 19:41:44.117 7013 7013 I System.out: (Offset: 31694)
06-07 19:41:44.117 7013 7013 I System.out:
06-07 19:41:44.117 7013 7013 I System.out: Pattern N1: Patch complete!
06-07 19:41:44.117 7013 7013 I System.out: (Offset: 31c2c)
06-07 19:41:44.117 7013 7013 I System.out:
06-07 19:41:44.117 7013 7013 I System.out: Pattern N1: Patch complete!
06-07 19:41:44.117 7013 7013 I System.out: (Offset: 34554)
06-07 19:41:44.117 7013 7013 I System.out:
06-07 19:41:44.117 7013 7013 I System.out: Pattern N1: Patch complete!
06-07 19:41:44.118 7013 7013 I System.out: (Offset: 34764)
06-07 19:41:44.118 7013 7013 I System.out:
06-07 19:41:44.118 7013 7013 I System.out: Pattern N1: Patch complete!
06-07 19:41:44.118 7013 7013 I System.out: (Offset: 34a6c)
06-07 19:41:44.118 7013 7013 I System.out:
06-07 19:41:44.118 7013 7013 I System.out: Pattern N1: Patch complete!
06-07 19:41:44.118 7013 7013 I System.out: (Offset: 34d1c)
06-07 19:41:44.118 7013 7013 I System.out:
06-07 19:41:44.118 7013 7013 I System.out: Pattern N1: Patch complete!
06-07 19:41:44.118 7013 7013 I System.out: (Offset: 3508c)
06-07 19:41:44.118 7013 7013 I System.out:
06-07 19:41:44.118 7013 7013 I System.out: Pattern N1: Patch complete!
06-07 19:41:44.118 7013 7013 I System.out: (Offset: 35394)
06-07 19:41:44.118 7013 7013 I System.out:
06-07 19:41:44.118 7013 7013 I System.out: Pattern N1: Patch complete!
06-07 19:41:44.118 7013 7013 I System.out: (Offset: 392ac)
06-07 19:41:44.118 7013 7013 I System.out:
06-07 19:41:44.118 7013 7013 I System.out: Pattern N1: Patch complete!
06-07 19:41:44.118 7013 7013 I System.out: (Offset: 3a16c)
06-07 19:41:44.118 7013 7013 I System.out:
06-07 19:41:44.118 7013 7013 I System.out: Pattern N1: Patch complete!
06-07 19:41:44.118 7013 7013 I System.out: (Offset: 3a964)
06-07 19:41:44.118 7013 7013 I System.out:
06-07 19:41:44.118 7013 7013 I System.out: Pattern N1: Patch complete!
06-07 19:41:44.118 7013 7013 I System.out: (Offset: 3b33c)
06-07 19:41:44.118 7013 7013 I System.out:
06-07 19:41:44.118 7013 7013 I System.out: Pattern N1: Patch complete!
06-07 19:41:44.118 7013 7013 I System.out: (Offset: 3cb8c)
06-07 19:41:44.118 7013 7013 I System.out:
06-07 19:41:44.118 7013 7013 I System.out: Pattern N1: Patch complete!
06-07 19:41:44.118 7013 7013 I System.out: (Offset: 3cd7c)
06-07 19:41:44.118 7013 7013 I System.out:
06-07 19:41:44.118 7013 7013 I System.out: Pattern N1: Patch complete!
06-07 19:41:44.118 7013 7013 I System.out: (Offset: 3e74c)
06-07 19:41:44.119 7013 7013 I System.out:
06-07 19:41:44.119 7013 7013 I System.out: Pattern N1: Patch complete!
06-07 19:41:44.119 7013 7013 I System.out: (Offset: 3f4c4)
06-07 19:41:44.119 7013 7013 I System.out:
06-07 19:41:44.119 7013 7013 I System.out: Pattern N1: Patch complete!
06-07 19:41:44.119 7013 7013 I System.out: (Offset: 3f504)
06-07 19:41:44.119 7013 7013 I System.out:
06-07 19:41:44.119 7013 7013 I System.out: Pattern N1: Patch complete!
06-07 19:41:44.119 7013 7013 I System.out: (Offset: 3fa24)
06-07 19:41:44.119 7013 7013 I System.out:
06-07 19:41:44.119 7013 7013 I System.out: Pattern N1: Patch complete!
06-07 19:41:44.119 7013 7013 I System.out: (Offset: 3fd44)
06-07 19:41:44.119 7013 7013 I System.out:
06-07 19:41:44.119 7013 7013 I System.out: Pattern N1: Patch complete!
06-07 19:41:44.119 7013 7013 I System.out: (Offset: 4068c)
06-07 19:41:44.119 7013 7013 I System.out:
06-07 19:41:44.119 7013 7013 I System.out: Pattern N1: Patch complete!
06-07 19:41:44.119 7013 7013 I System.out: (Offset: 40cac)
06-07 19:41:44.119 7013 7013 I System.out:
06-07 19:41:44.119 7013 7013 I System.out: Pattern N1: Patch complete!
06-07 19:41:44.119 7013 7013 I System.out: (Offset: 40e4c)
06-07 19:41:44.119 7013 7013 I System.out:
06-07 19:41:44.119 7013 7013 I System.out: Pattern N1: Patch complete!
06-07 19:41:44.119 7013 7013 I System.out: (Offset: 412dc)
06-07 19:41:44.119 7013 7013 I System.out:
06-07 19:41:44.119 7013 7013 I System.out: Pattern N1: Patch complete!
06-07 19:41:44.119 7013 7013 I System.out: (Offset: 41a24)
06-07 19:41:44.119 7013 7013 I System.out:
06-07 19:41:44.119 7013 7013 I System.out: Pattern N1: Patch complete!
06-07 19:41:44.119 7013 7013 I System.out: (Offset: 41ff4)
06-07 19:41:44.119 7013 7013 I System.out:
06-07 19:41:44.119 7013 7013 I System.out: Pattern N1: Patch complete!
06-07 19:41:44.119 7013 7013 I System.out: (Offset: 42a4c)
06-07 19:41:44.119 7013 7013 I System.out:
06-07 19:41:44.120 7013 7013 I System.out: Pattern N1: Patch complete!
06-07 19:41:44.120 7013 7013 I System.out: (Offset: 4324c)
06-07 19:41:44.120 7013 7013 I System.out:
06-07 19:41:44.120 7013 7013 I System.out: Pattern N1: Patch complete!
06-07 19:41:44.120 7013 7013 I System.out: (Offset: 435dc)
06-07 19:41:44.120 7013 7013 I System.out:
06-07 19:41:44.120 7013 7013 I System.out: Pattern N1: Patch complete!
06-07 19:41:44.120 7013 7013 I System.out: (Offset: 438f4)
06-07 19:41:44.120 7013 7013 I System.out:
06-07 19:41:44.120 7013 7013 I System.out: Pattern N1: Patch complete!
06-07 19:41:44.120 7013 7013 I System.out: (Offset: 43d3c)
06-07 19:41:44.120 7013 7013 I System.out:
06-07 19:41:44.120 7013 7013 I System.out: Pattern N1: Patch complete!
06-07 19:41:44.120 7013 7013 I System.out: (Offset: 442bc)
06-07 19:41:44.120 7013 7013 I System.out:
06-07 19:41:44.120 7013 7013 I System.out: Pattern N1: Patch complete!
06-07 19:41:44.120 7013 7013 I System.out: (Offset: 46fec)
06-07 19:41:44.120 7013 7013 I System.out:
06-07 19:41:44.120 7013 7013 I System.out: Pattern N1: Patch complete!
06-07 19:41:44.120 7013 7013 I System.out: (Offset: 47be4)
06-07 19:41:44.120 7013 7013 I System.out:
06-07 19:41:44.120 7013 7013 I System.out: Pattern N1: Patch complete!
06-07 19:41:44.120 7013 7013 I System.out: (Offset: 4966c)
06-07 19:41:44.120 7013 7013 I System.out:
06-07 19:41:44.120 7013 7013 I System.out: Pattern N1: Patch complete!
06-07 19:41:44.120 7013 7013 I System.out: (Offset: 4a87c)
06-07 19:41:44.120 7013 7013 I System.out:
06-07 19:41:44.120 7013 7013 I System.out: Pattern N1: Patch complete!
06-07 19:41:44.120 7013 7013 I System.out: (Offset: 4c13c)
06-07 19:41:44.120 7013 7013 I System.out:
06-07 19:41:44.120 7013 7013 I System.out: Pattern N1: Patch complete!
06-07 19:41:44.120 7013 7013 I System.out: (Offset: 4c414)
06-07 19:41:44.120 7013 7013 I System.out:
06-07 19:41:44.121 7013 7013 I System.out: Pattern N1: Patch complete!
06-07 19:41:44.121 7013 7013 I System.out: (Offset: 4c5dc)
06-07 19:41:44.121 7013 7013 I System.out:
06-07 19:41:44.121 7013 7013 I System.out: Pattern N1: Patch complete!
06-07 19:41:44.121 7013 7013 I System.out: (Offset: 4c6cc)
06-07 19:41:44.121 7013 7013 I System.out:
06-07 19:41:44.121 7013 7013 I System.out: Pattern N1: Patch complete!
06-07 19:41:44.121 7013 7013 I System.out: (Offset: 4d4cc)
06-07 19:41:44.121 7013 7013 I System.out:
06-07 19:41:44.121 7013 7013 I System.out: Pattern N1: Patch complete!
06-07 19:41:44.121 7013 7013 I System.out: (Offset: 4d644)
06-07 19:41:44.121 7013 7013 I System.out:
06-07 19:41:44.121 7013 7013 I System.out: Pattern N1: Patch complete!
06-07 19:41:44.121 7013 7013 I System.out: (Offset: 4d8e4)
06-07 19:41:44.121 7013 7013 I System.out:
06-07 19:41:44.121 7013 7013 I System.out: Pattern N1: Patch complete!
06-07 19:41:44.121 7013 7013 I System.out: (Offset: 4f994)
06-07 19:41:44.121 7013 7013 I System.out:
06-07 19:41:44.121 7013 7013 I System.out: Pattern N1: Patch complete!
06-07 19:41:44.121 7013 7013 I System.out: (Offset: 4ff6c)
06-07 19:41:44.121 7013 7013 I System.out:
06-07 19:41:44.121 7013 7013 I System.out: Pattern N1: Patch complete!
06-07 19:41:44.121 7013 7013 I System.out: (Offset: 5140c)
06-07 19:41:44.121 7013 7013 I System.out:
06-07 19:41:44.121 7013 7013 I System.out: Pattern N1: Patch complete!
06-07 19:41:44.121 7013 7013 I System.out: (Offset: 51b5c)
06-07 19:41:44.121 7013 7013 I System.out:
06-07 19:41:44.121 7013 7013 I System.out: Pattern N1: Patch complete!
06-07 19:41:44.121 7013 7013 I System.out: (Offset: 51d24)
06-07 19:41:44.121 7013 7013 I System.out:
06-07 19:41:44.121 7013 7013 I System.out: Pattern N1: Patch complete!
06-07 19:41:44.121 7013 7013 I System.out: (Offset: 533e4)
06-07 19:41:44.121 7013 7013 I System.out:
06-07 19:41:44.122 7013 7013 I System.out: Pattern N1: Patch complete!
06-07 19:41:44.122 7013 7013 I System.out: (Offset: 53cdc)
06-07 19:41:44.122 7013 7013 I System.out:
06-07 19:41:44.122 7013 7013 I System.out: Pattern N1: Patch complete!
06-07 19:41:44.122 7013 7013 I System.out: (Offset: 55c0c)
06-07 19:41:44.122 7013 7013 I System.out:
06-07 19:41:44.122 7013 7013 I System.out: Pattern N1: Patch complete!
06-07 19:41:44.122 7013 7013 I System.out: (Offset: 56794)
06-07 19:41:44.122 7013 7013 I System.out:
06-07 19:41:44.122 7013 7013 I System.out: Pattern N1: Patch complete!
06-07 19:41:44.122 7013 7013 I System.out: (Offset: 56b9c)
06-07 19:41:44.122 7013 7013 I System.out:
06-07 19:41:44.122 7013 7013 I System.out: Pattern N1: Patch complete!
06-07 19:41:44.122 7013 7013 I System.out: (Offset: 58494)
06-07 19:41:44.122 7013 7013 I System.out:
06-07 19:41:44.122 7013 7013 I System.out: Pattern N1: Patch complete!
06-07 19:41:44.122 7013 7013 I System.out: (Offset: 58c44)
06-07 19:41:44.122 7013 7013 I System.out:
06-07 19:41:44.122 7013 7013 I System.out: Pattern N1: Patch complete!
06-07 19:41:44.122 7013 7013 I System.out: (Offset: 5a024)
06-07 19:41:44.122 7013 7013 I System.out:
06-07 19:41:44.122 7013 7013 I System.out: Pattern N1: Patch complete!
06-07 19:41:44.122 7013 7013 I System.out: (Offset: 5a4ec)
06-07 19:41:44.122 7013 7013 I System.out:
06-07 19:41:44.122 7013 7013 I System.out: Pattern N1: Patch complete!
06-07 19:41:44.122 7013 7013 I System.out: (Offset: 5cb6c)
06-07 19:41:44.122 7013 7013 I System.out:
06-07 19:41:44.122 7013 7013 I System.out: Pattern N1: Patch complete!
06-07 19:41:44.122 7013 7013 I System.out: (Offset: 5eb74)
06-07 19:41:44.122 7013 7013 I System.out:
06-07 19:41:44.122 7013 7013 I System.out: Pattern N1: Patch complete!
06-07 19:41:44.122 7013 7013 I System.out: (Offset: 609f4)
06-07 19:41:44.122 7013 7013 I System.out:
06-07 19:41:44.122 7013 7013 I System.out: Pattern N1: Patch complete!
06-07 19:41:44.123 7013 7013 I System.out: (Offset: 61024)
06-07 19:41:44.123 7013 7013 I System.out:
06-07 19:41:44.123 7013 7013 I System.out: Pattern N1: Patch complete!
06-07 19:41:44.123 7013 7013 I System.out: (Offset: 6138c)
06-07 19:41:44.123 7013 7013 I System.out:
06-07 19:41:44.123 7013 7013 I System.out: Pattern N1: Patch complete!
06-07 19:41:44.123 7013 7013 I System.out: (Offset: 62d44)
06-07 19:41:44.123 7013 7013 I System.out:
06-07 19:41:44.123 7013 7013 I System.out: Pattern N1: Patch complete!
06-07 19:41:44.123 7013 7013 I System.out: (Offset: 63fdc)
06-07 19:41:44.123 7013 7013 I System.out:
06-07 19:41:44.123 7013 7013 I System.out: Pattern N1: Patch complete!
06-07 19:41:44.123 7013 7013 I System.out: (Offset: 645ec)
06-07 19:41:44.123 7013 7013 I System.out:
06-07 19:41:44.123 7013 7013 I System.out: Pattern N1: Patch complete!
06-07 19:41:44.123 7013 7013 I System.out: (Offset: 6496c)
06-07 19:41:44.123 7013 7013 I System.out:
06-07 19:41:44.123 7013 7013 I System.out: Pattern N1: Patch complete!
06-07 19:41:44.123 7013 7013 I System.out: (Offset: 6702c)
06-07 19:41:44.123 7013 7013 I System.out:
06-07 19:41:44.123 7013 7013 I System.out: Pattern N1: Patch complete!
06-07 19:41:44.123 7013 7013 I System.out: (Offset: 674ac)
06-07 19:41:44.123 7013 7013 I System.out:
06-07 19:41:44.123 7013 7013 I System.out: Pattern N1: Patch complete!
06-07 19:41:44.123 7013 7013 I System.out: (Offset: 677b4)
06-07 19:41:44.123 7013 7013 I System.out:
06-07 19:41:44.123 7013 7013 I System.out: Pattern N1: Patch complete!
06-07 19:41:44.123 7013 7013 I System.out: (Offset: 677cc)
06-07 19:41:44.123 7013 7013 I System.out:
06-07 19:41:44.123 7013 7013 I System.out: Pattern N1: Patch complete!
06-07 19:41:44.123 7013 7013 I System.out: (Offset: 6786c)
06-07 19:41:44.123 7013 7013 I System.out:
06-07 19:41:44.123 7013 7013 I System.out: Pattern N1: Patch complete!
06-07 19:41:44.124 7013 7013 I System.out: (Offset: 678d4)
06-07 19:41:44.124 7013 7013 I System.out:
06-07 19:41:44.124 7013 7013 I System.out: Pattern N1: Patch complete!
06-07 19:41:44.124 7013 7013 I System.out: (Offset: 67dd4)
06-07 19:41:44.124 7013 7013 I System.out:
06-07 19:41:44.124 7013 7013 I System.out: Pattern N1: Patch complete!
06-07 19:41:44.124 7013 7013 I System.out: (Offset: 67ef4)
06-07 19:41:44.124 7013 7013 I System.out:
06-07 19:41:44.124 7013 7013 I System.out: Pattern N1: Patch complete!
06-07 19:41:44.124 7013 7013 I System.out: (Offset: 67f0c)
06-07 19:41:44.124 7013 7013 I System.out:
06-07 19:41:44.124 7013 7013 I System.out: Pattern N1: Patch complete!
06-07 19:41:44.124 7013 7013 I System.out: (Offset: 68264)
06-07 19:41:44.124 7013 7013 I System.out:
06-07 19:41:44.124 7013 7013 I System.out: Pattern N1: Patch complete!
06-07 19:41:44.124 7013 7013 I System.out: (Offset: 6a5bc)
06-07 19:41:44.124 7013 7013 I System.out:
06-07 19:41:44.124 7013 7013 I System.out: Pattern N1: Patch complete!
06-07 19:41:44.124 7013 7013 I System.out: (Offset: 6a5e4)
06-07 19:41:44.124 7013 7013 I System.out:
06-07 19:41:44.124 7013 7013 I System.out: Pattern N1: Patch complete!
06-07 19:41:44.124 7013 7013 I System.out: (Offset: 6df0c)
06-07 19:41:44.124 7013 7013 I System.out:
06-07 19:41:44.124 7013 7013 I System.out: Pattern N1: Patch complete!
06-07 19:41:44.124 7013 7013 I System.out: (Offset: 6e034)
06-07 19:41:44.124 7013 7013 I System.out:
06-07 19:41:44.124 7013 7013 I System.out: Pattern N1: Patch complete!
06-07 19:41:44.124 7013 7013 I System.out: (Offset: 6e62c)
06-07 19:41:44.124 7013 7013 I System.out:
06-07 19:41:44.124 7013 7013 I System.out: Pattern N1: Patch complete!
06-07 19:41:44.124 7013 7013 I System.out: (Offset: 6fe14)
06-07 19:41:44.124 7013 7013 I System.out:
06-07 19:41:44.124 7013 7013 I System.out: Pattern N1: Patch complete!
06-07 19:41:44.124 7013 7013 I System.out: (Offset: 6ffac)
06-07 19:41:44.125 7013 7013 I System.out:
06-07 19:41:44.125 7013 7013 I System.out: Pattern N1: Patch complete!
06-07 19:41:44.125 7013 7013 I System.out: (Offset: 717bc)
06-07 19:41:44.125 7013 7013 I System.out:
06-07 19:41:44.125 7013 7013 I System.out: Pattern N1: Patch complete!
06-07 19:41:44.125 7013 7013 I System.out: (Offset: 724b4)
06-07 19:41:44.125 7013 7013 I System.out:
06-07 19:41:44.125 7013 7013 I System.out: Pattern N1: Patch complete!
06-07 19:41:44.125 7013 7013 I System.out: (Offset: 72fe4)
06-07 19:41:44.125 7013 7013 I System.out:
06-07 19:41:44.125 7013 7013 I System.out: Pattern N1: Patch complete!
06-07 19:41:44.125 7013 7013 I System.out: (Offset: 73fbc)
06-07 19:41:44.125 7013 7013 I System.out:
06-07 19:41:44.125 7013 7013 I System.out: Pattern N1: Patch complete!
06-07 19:41:44.125 7013 7013 I System.out: (Offset: 7585c)
06-07 19:41:44.125 7013 7013 I System.out:
06-07 19:41:44.125 7013 7013 I System.out: Pattern N1: Patch complete!
06-07 19:41:44.125 7013 7013 I System.out: (Offset: 771bc)
06-07 19:41:44.125 7013 7013 I System.out:
06-07 19:41:44.125 7013 7013 I System.out: Pattern N1: Patch complete!
06-07 19:41:44.125 7013 7013 I System.out: (Offset: 78c44)
06-07 19:41:44.125 7013 7013 I System.out:
06-07 19:41:44.125 7013 7013 I System.out: Pattern N1: Patch complete!
06-07 19:41:44.125 7013 7013 I System.out: (Offset: 7acd0)
06-07 19:41:44.125 7013 7013 I System.out:
06-07 19:41:44.125 7013 7013 I System.out: Pattern N1: Patch complete!
06-07 19:41:44.125 7013 7013 I System.out: (Offset: 7d7d0)
06-07 19:41:44.125 7013 7013 I System.out:
06-07 19:41:44.125 7013 7013 I System.out: Pattern N1: Patch complete!
06-07 19:41:44.125 7013 7013 I System.out: (Offset: 80550)
06-07 19:41:44.125 7013 7013 I System.out:
06-07 19:41:44.125 7013 7013 I System.out: Pattern N1: Patch complete!
06-07 19:41:44.125 7013 7013 I System.out: (Offset: 81ba0)
06-07 19:41:44.125 7013 7013 I System.out:
06-07 19:41:44.125 7013 7013 I System.out: Pattern N1: Patch complete!
06-07 19:41:44.126 7013 7013 I System.out: (Offset: 82340)
06-07 19:41:44.126 7013 7013 I System.out:
06-07 19:41:44.126 7013 7013 I System.out: Pattern N1: Patch complete!
06-07 19:41:44.126 7013 7013 I System.out: (Offset: 82490)
06-07 19:41:44.126 7013 7013 I System.out:
06-07 19:41:44.126 7013 7013 I System.out: Pattern N1: Patch complete!
06-07 19:41:44.126 7013 7013 I System.out: (Offset: 83210)
06-07 19:41:44.126 7013 7013 I System.out:
06-07 19:41:44.126 7013 7013 I System.out: Pattern N1: Patch complete!
06-07 19:41:44.126 7013 7013 I System.out: (Offset: 848d0)
06-07 19:41:44.126 7013 7013 I System.out:
06-07 19:41:44.126 7013 7013 I System.out: Pattern N1: Patch complete!
06-07 19:41:44.126 7013 7013 I System.out: (Offset: 86230)
06-07 19:41:44.126 7013 7013 I System.out:
06-07 19:41:44.126 7013 7013 I System.out: Pattern N1: Patch complete!
06-07 19:41:44.126 7013 7013 I System.out: (Offset: 88100)
06-07 19:41:44.126 7013 7013 I System.out:
06-07 19:41:44.126 7013 7013 I System.out: Pattern N1: Patch complete!
06-07 19:41:44.126 7013 7013 I System.out: (Offset: 8a6c0)
06-07 19:41:44.127 7013 7013 I System.out: Pattern N1: Patch complete!
06-07 19:41:44.127 7013 7013 I System.out: (Offset: 8bf49)
06-07 19:41:44.127 7013 7013 I System.out: Pattern N1: Patch complete!
06-07 19:41:44.127 7013 7013 I System.out: (Offset: 8bf89)
06-07 19:41:44.127 7013 7013 I System.out:
06-07 19:41:44.129 7013 7013 I System.out: (Offset: 8c029)
06-07 19:41:44.136 7013 7013 I System.out:
06-07 19:41:44.136 7013 7013 I System.out: Pattern N1: Patch complete!
06-07 19:41:44.136 7013 7013 I System.out: (Offset: 16fd64)
06-07 19:41:44.136 7013 7013 I System.out: Pattern N1: Patch complete!
06-07 19:41:44.136 7013 7013 I System.out:
06-07 19:41:44.136 7013 7013 I System.out: Pattern N1: Patch complete!
06-07 19:41:44.136 7013 7013 I System.out: (Offset: 18ce20)
06-07 19:41:44.138 7013 7013 I System.out:
06-07 19:41:44.138 7013 7013 I System.out: Pattern N1: Patch complete!
06-07 19:41:44.139 7013 7013 I System.out: Pattern N1: Patch complete!
06-07 19:41:44.139 333 758 E SurfaceFlinger: Failed to find layer
(ru.aPtVoqhB.rZJwBnguE/ru.aPtVoqhB.rZJwBnguE.MainActivityOriginal#2) in layer
parent (no-parent).
06-07 19:41:44.318 7013 7019 I zygote : Compiler allocated 4MB to compile void
com.lp.゙゙.ʻ(android.widget.TextView, java.lang.String, com.chelpus.ʻ.)
ʼ
06-07 19:41:44.352 11737 11737 D AndroidRuntime: >>>>>> START
com.android.internal.os.RuntimeInit uid 0 <<<<<<
06-07 19:41:44.364 11737 11737 W /system/bin/app_process: Could not reserve
sentinel fault page
06-07 19:41:44.568 11737 11737 I /system/bin/app_process: The ClassLoaderContext is
a special shared library.
06-07 19:41:44.584 11737 11737 W /system/bin/app_process: !bang JNI is deprecated.
Switch to @FastNative for void android.opengl.GLES20.glActiveTexture(int)
06-07 19:41:44.585 11737 11737 W /system/bin/app_process: !bang JNI is deprecated.
Switch to @FastNative for void android.opengl.GLES20.glBindBuffer(int, int)
06-07 19:41:44.585 11737 11737 W /system/bin/app_process: !bang JNI is deprecated.
Switch to @FastNative for void android.opengl.GLES20.glBindTexture(int, int)
06-07 19:41:44.585 11737 11737 W /system/bin/app_process: !bang JNI is deprecated.
Switch to @FastNative for void android.opengl.GLES20.glBlendColor(float, float,
float, float)
06-07 19:41:44.585 11737 11737 W /system/bin/app_process: !bang JNI is deprecated.
Switch to @FastNative for void android.opengl.GLES20.glClearDepthf(float)
06-07 19:41:44.585 11737 11737 W /system/bin/app_process: !bang JNI is deprecated.
Switch to @FastNative for void android.opengl.GLES20.glClearStencil(int)
06-07 19:41:44.585 11737 11737 W /system/bin/app_process: !bang JNI is deprecated.
Switch to @FastNative for void android.opengl.GLES20.glColorMask(boolean, boolean,
boolean, boolean)
06-07 19:41:44.585 11737 11737 W /system/bin/app_process: !bang JNI is deprecated.
Switch to @FastNative for void android.opengl.GLES20.glCullFace(int)
06-07 19:41:44.585 11737 11737 W /system/bin/app_process: !bang JNI is deprecated.
Switch to @FastNative for void android.opengl.GLES20.glDepthFunc(int)
06-07 19:41:44.585 11737 11737 W /system/bin/app_process: !bang JNI is deprecated.
Switch to @FastNative for void android.opengl.GLES20.glDepthMask(boolean)
06-07 19:41:44.585 11737 11737 W /system/bin/app_process: !bang JNI is deprecated.
Switch to @FastNative for void android.opengl.GLES20.glDisable(int)
06-07 19:41:44.585 11737 11737 W /system/bin/app_process: !bang JNI is deprecated.
Switch to @FastNative for void
android.opengl.GLES20.glDisableVertexAttribArray(int)
06-07 19:41:44.585 11737 11737 W /system/bin/app_process: !bang JNI is deprecated.
Switch to @FastNative for void android.opengl.GLES20.glDrawArrays(int, int, int)
06-07 19:41:44.585 11737 11737 W /system/bin/app_process: !bang JNI is deprecated.
Switch to @FastNative for void android.opengl.GLES20.glDrawElements(int, int, int,
int)
06-07 19:41:44.585 11737 11737 W /system/bin/app_process: !bang JNI is deprecated.
Switch to @FastNative for void android.opengl.GLES20.glDrawElements(int, int, int,
java.nio.Buffer)
06-07 19:41:44.585 11737 11737 W /system/bin/app_process: !bang JNI is deprecated.
Switch to @FastNative for void android.opengl.GLES20.glEnable(int)
06-07 19:41:44.585 11737 11737 W /system/bin/app_process: !bang JNI is deprecated.
Switch to @FastNative for void android.opengl.GLES20.glEnableVertexAttribArray(int)
06-07 19:41:44.585 11737 11737 W /system/bin/app_process: !bang JNI is deprecated.
Switch to @FastNative for void android.opengl.GLES20.glFrontFace(int)
06-07 19:41:44.585 11737 11737 W /system/bin/app_process: !bang JNI is deprecated.
Switch to @FastNative for int android.opengl.GLES20.glGetError()
06-07 19:41:44.585 11737 11737 W /system/bin/app_process: !bang JNI is deprecated.
Switch to @FastNative for void android.opengl.GLES20.glGetFloatv(int, float[], int)
06-07 19:41:44.585 11737 11737 W /system/bin/app_process: !bang JNI is deprecated.
Switch to @FastNative for void android.opengl.GLES20.glGetIntegerv(int, int[], int)
06-07 19:41:44.586 11737 11737 W /system/bin/app_process: !bang JNI is deprecated.
Switch to @FastNative for void android.opengl.GLES20.glScissor(int, int, int, int)
06-07 19:41:44.586 11737 11737 W /system/bin/app_process: !bang JNI is deprecated.
Switch to @FastNative for void android.opengl.GLES20.glStencilFunc(int, int, int)
06-07 19:41:44.586 11737 11737 W /system/bin/app_process: !bang JNI is deprecated.
Switch to @FastNative for void android.opengl.GLES20.glStencilFuncSeparate(int,
int, int, int)
06-07 19:41:44.586 11737 11737 W /system/bin/app_process: !bang JNI is deprecated.
Switch to @FastNative for void android.opengl.GLES20.glStencilMask(int)
06-07 19:41:44.586 11737 11737 W /system/bin/app_process: !bang JNI is deprecated.
Switch to @FastNative for void android.opengl.GLES20.glStencilMaskSeparate(int,
int)
06-07 19:41:44.586 11737 11737 W /system/bin/app_process: !bang JNI is deprecated.
Switch to @FastNative for void android.opengl.GLES20.glStencilOp(int, int, int)
06-07 19:41:44.586 11737 11737 W /system/bin/app_process: !bang JNI is deprecated.
Switch to @FastNative for void android.opengl.GLES20.glStencilOpSeparate(int, int,
int, int)
06-07 19:41:44.586 11737 11737 W /system/bin/app_process: !bang JNI is deprecated.
Switch to @FastNative for void android.opengl.GLES20.glUniform1f(int, float)
06-07 19:41:44.586 11737 11737 W /system/bin/app_process: !bang JNI is deprecated.
Switch to @FastNative for void android.opengl.GLES20.glUniform1fv(int, int,
float[], int)
06-07 19:41:44.586 11737 11737 W /system/bin/app_process: !bang JNI is deprecated.
Switch to @FastNative for void android.opengl.GLES20.glUniform1fv(int, int,
java.nio.FloatBuffer)
06-07 19:41:44.586 11737 11737 W /system/bin/app_process: !bang JNI is deprecated.
Switch to @FastNative for void android.opengl.GLES20.glUniform1i(int, int)
06-07 19:41:44.586 11737 11737 W /system/bin/app_process: !bang JNI is deprecated.
Switch to @FastNative for void android.opengl.GLES20.glUniform1iv(int, int, int[],
int)
06-07 19:41:44.586 11737 11737 W /system/bin/app_process: !bang JNI is deprecated.
Switch to @FastNative for void android.opengl.GLES20.glUniform1iv(int, int,
java.nio.IntBuffer)
06-07 19:41:44.586 11737 11737 W /system/bin/app_process: !bang JNI is deprecated.
Switch to @FastNative for void android.opengl.GLES20.glUniform2f(int, float, float)
06-07 19:41:44.586 11737 11737 W /system/bin/app_process: !bang JNI is deprecated.
Switch to @FastNative for void android.opengl.GLES20.glUniform2fv(int, int,
float[], int)
06-07 19:41:44.586 11737 11737 W /system/bin/app_process: !bang JNI is deprecated.
Switch to @FastNative for void android.opengl.GLES20.glUniform2fv(int, int,
java.nio.FloatBuffer)
06-07 19:41:44.586 11737 11737 W /system/bin/app_process: !bang JNI is deprecated.
Switch to @FastNative for void android.opengl.GLES20.glUniform2i(int, int, int)
06-07 19:41:44.586 11737 11737 W /system/bin/app_process: !bang JNI is deprecated.
Switch to @FastNative for void android.opengl.GLES20.glUniform2iv(int, int, int[],
int)
06-07 19:41:44.586 11737 11737 W /system/bin/app_process: !bang JNI is deprecated.
Switch to @FastNative for void android.opengl.GLES20.glUniform2iv(int, int,
java.nio.IntBuffer)
06-07 19:41:44.586 11737 11737 W /system/bin/app_process: !bang JNI is deprecated.
Switch to @FastNative for void android.opengl.GLES20.glUniform3f(int, float, float,
float)
06-07 19:41:44.586 11737 11737 W /system/bin/app_process: !bang JNI is deprecated.
Switch to @FastNative for void android.opengl.GLES20.glUniform3fv(int, int,
float[], int)
06-07 19:41:44.586 11737 11737 W /system/bin/app_process: !bang JNI is deprecated.
Switch to @FastNative for void android.opengl.GLES20.glUniform3fv(int, int,
java.nio.FloatBuffer)
06-07 19:41:44.586 11737 11737 W /system/bin/app_process: !bang JNI is deprecated.
Switch to @FastNative for void android.opengl.GLES20.glUniform3i(int, int, int,
int)
06-07 19:41:44.587 11737 11737 W /system/bin/app_process: !bang JNI is deprecated.
Switch to @FastNative for void android.opengl.GLES20.glUniform3iv(int, int, int[],
int)
06-07 19:41:44.587 11737 11737 W /system/bin/app_process: !bang JNI is deprecated.
Switch to @FastNative for void android.opengl.GLES20.glUniform3iv(int, int,
java.nio.IntBuffer)
